{"id":165,"date":"2022-02-28T15:08:34","date_gmt":"2022-02-28T14:08:34","guid":{"rendered":"https:\/\/new.sviluppoqualita.it\/prodotto\/techniques-de-nettoyage-et-dassainissement-corso-francese\/"},"modified":"2025-07-08T23:16:12","modified_gmt":"2025-07-08T21:16:12","slug":"techniques-de-nettoyage-et-dassainissement-corso-francese","status":"publish","type":"product","link":"https:\/\/www.ampipointservizimg.it\/?product=techniques-de-nettoyage-et-dassainissement-corso-francese","title":{"rendered":"Corso Sanitificazione"},"content":{"rendered":"<table style=\"width: 59.4182%;\" width=\"825\">\n<tbody>\n<tr>\n<td style=\"width: 122px;\" width=\"118\">Titre<\/td>\n<td style=\"width: 695px;\" colspan=\"2\" width=\"576\">Cours &#8220;Techniques de nettoyage et d&#8217;assainissement&#8221;<\/td>\n<\/tr>\n<tr>\n<td style=\"width: 122px;\" width=\"118\">B\u00e9n\u00e9fiaires<\/td>\n<td style=\"width: 695px;\" colspan=\"2\" width=\"576\">Pour le professionnel du nettoyage ou de la sant\u00e9, et toute personne souhaitant acqu\u00e9rir une \u00a0connaissance \u00a0approfondie \u00a0du nettoyage professionnel \u00a0et \u00a0de \u00a0la d\u00e9sinfection des surfaces et des environnements, avec une attention particuli\u00e8re aux mesures de confinement pr\u00e9ventives \u00e0 adopter pour lutter contre les urgences sanitaires telles que l&#8217;\u00e9pid\u00e9mie de COVID 19.<\/td>\n<\/tr>\n<tr>\n<td style=\"width: 122px;\" width=\"118\">Objectifs et buts<\/td>\n<td style=\"width: 695px;\" colspan=\"2\" width=\"576\">Le cours vous permet d&#8217;acqu\u00e9rir les comp\u00e9tences pour utiliser en toute s\u00e9curit\u00e9 des \u00e9quipements et produits pour la d\u00e9sinfection et l&#8217;assainissement des environnements et pour le choix et la mise en \u0153uvre du traitement le plus efficace en fonction des diff\u00e9rentes \u00a0conditions \u00a0environnementales \u00a0des \u00a0r\u00e9alit\u00e9s \u00a0de \u00a0production \u00a0consid\u00e9r\u00e9es, jusqu&#8217;\u00e0 l&#8217;\u00e9limination des d\u00e9chets et \u00e0 la r\u00e9organisation des milieux trait\u00e9s.<\/td>\n<\/tr>\n<tr>\n<td style=\"width: 122px;\" width=\"118\">Exigences<\/td>\n<td style=\"width: 695px;\" colspan=\"2\" rowspan=\"2\" width=\"576\">Baccalaur\u00e9at<\/td>\n<\/tr>\n<tr>\n<td style=\"width: 122px;\">d\u2019admission<\/td>\n<\/tr>\n<tr>\n<td style=\"width: 122px;\" width=\"118\">Dur\u00e9e et<\/td>\n<td style=\"width: 695px;\" colspan=\"2\" rowspan=\"2\" width=\"576\">Le cours dure 8 heures et peut \u00eatre suivi en mode e-learning avec la technologie LMS (Learning Management System), capable de surveiller et de certifier les performances, la tra\u00e7abilit\u00e9 et l&#8217;ach\u00e8vement des activit\u00e9s \u00e9ducatives de chaque utilisateur.<\/td>\n<\/tr>\n<tr>\n<td style=\"width: 122px;\">modalit\u00e9s<\/td>\n<\/tr>\n<tr>\n<td style=\"width: 817px;\" colspan=\"3\" width=\"825\"><\/td>\n<\/tr>\n<tr>\n<td style=\"width: 817px;\" colspan=\"3\" width=\"825\"><\/td>\n<\/tr>\n<tr>\n<td style=\"width: 271px;\" colspan=\"2\"><\/td>\n<td style=\"width: 546px;\">Partie 1<\/td>\n<\/tr>\n<tr>\n<td style=\"width: 271px;\" colspan=\"2\"><\/td>\n<td style=\"width: 546px;\">-Principes d&#8217;hygi\u00e8ne<\/td>\n<\/tr>\n<tr>\n<td style=\"width: 271px;\" colspan=\"2\"><\/td>\n<td style=\"width: 546px;\">-Infections hospitali\u00e8res<\/td>\n<\/tr>\n<tr>\n<td style=\"width: 271px;\" colspan=\"2\"><\/td>\n<td style=\"width: 546px;\">-Utilisation d&#8217;EPI<\/td>\n<\/tr>\n<tr>\n<td style=\"width: 271px;\" colspan=\"2\"><\/td>\n<td style=\"width: 546px;\">-Nettoyage et d\u00e9sinfection \u00e0 l&#8217;h\u00f4pital<\/td>\n<\/tr>\n<tr>\n<td style=\"width: 271px;\" colspan=\"2\"><\/td>\n<td style=\"width: 546px;\">-Classification et gestion des d\u00e9chets<\/td>\n<\/tr>\n<tr>\n<td style=\"width: 271px;\" colspan=\"2\"><\/td>\n<td style=\"width: 546px;\">Partie 2<\/td>\n<\/tr>\n<tr>\n<td style=\"width: 271px;\" colspan=\"2\"><\/td>\n<td style=\"width: 546px;\">-Types de salet\u00e9<\/td>\n<\/tr>\n<tr>\n<td style=\"width: 271px;\" colspan=\"2\"><\/td>\n<td style=\"width: 546px;\">-Types de nettoyage<\/td>\n<\/tr>\n<tr>\n<td style=\"width: 271px;\" colspan=\"2\"><\/td>\n<td style=\"width: 546px;\">-Nettoyage professionnel de b\u00e2timents<\/td>\n<\/tr>\n<tr>\n<td style=\"width: 271px;\" colspan=\"2\"><\/td>\n<td style=\"width: 546px;\">-Pathologies induites ou favoris\u00e9es par les d\u00e9tergents<\/td>\n<\/tr>\n<tr>\n<td style=\"width: 271px;\" colspan=\"2\">Programme du<\/td>\n<td style=\"width: 546px;\"><\/td>\n<\/tr>\n<tr>\n<td style=\"width: 271px;\" colspan=\"2\">cours<\/td>\n<td style=\"width: 546px;\">-Assainir la maison<\/td>\n<\/tr>\n<tr>\n<td style=\"width: 271px;\" colspan=\"2\"><\/td>\n<td style=\"width: 546px;\">-D\u00e9sinfectez les surfaces<\/td>\n<\/tr>\n<tr>\n<td style=\"width: 271px;\" colspan=\"2\"><\/td>\n<td style=\"width: 546px;\">-\u00c9pid\u00e9miologie des maladies infectieuses<\/td>\n<\/tr>\n<tr>\n<td style=\"width: 271px;\" colspan=\"2\"><\/td>\n<td style=\"width: 546px;\">-Agents biologiques<\/td>\n<\/tr>\n<tr>\n<td style=\"width: 271px;\" colspan=\"2\"><\/td>\n<td style=\"width: 546px;\">-Agents canc\u00e9rig\u00e8nes<\/td>\n<\/tr>\n<tr>\n<td style=\"width: 271px;\" colspan=\"2\"><\/td>\n<td style=\"width: 546px;\">-Agents chimiques<\/td>\n<\/tr>\n<tr>\n<td style=\"width: 271px;\" colspan=\"2\"><\/td>\n<td style=\"width: 546px;\">-Test<\/td>\n<\/tr>\n<tr>\n<td style=\"width: 271px;\" colspan=\"2\"><\/td>\n<td style=\"width: 546px;\">Partie 3<\/td>\n<\/tr>\n<tr>\n<td style=\"width: 271px;\" colspan=\"2\"><\/td>\n<td style=\"width: 546px;\">-Comment se laver les mains<\/td>\n<\/tr>\n<tr>\n<td style=\"width: 271px;\" colspan=\"2\"><\/td>\n<td style=\"width: 546px;\">-Dialogue sur Coronavirus<\/td>\n<\/tr>\n<tr>\n<td style=\"width: 271px;\" colspan=\"2\"><\/td>\n<td style=\"width: 546px;\">-D\u00e9calogue pour \u00e9viter la propagation du COVID 19<\/td>\n<\/tr>\n<tr>\n<td style=\"width: 271px;\" colspan=\"2\" width=\"152\">Notation<\/td>\n<td style=\"width: 546px;\" width=\"542\">V\u00e9rification de l&#8217;apprentissage par des quiz et des tests avec des questions \u00e0 choix multiples, inclus dans le cours e-learning<\/td>\n<\/tr>\n<tr>\n<td style=\"width: 271px;\" colspan=\"2\">Certificat fomatif<\/td>\n<td style=\"width: 546px;\" rowspan=\"2\" width=\"542\">Attestation de participation &#8220;Techniques de nettoyage et d&#8217;assainissement&#8221; au<br \/>\nformat pdf<\/td>\n<\/tr>\n<tr>\n<td style=\"width: 271px;\" colspan=\"2\">d\u00e9livr\u00e9<\/td>\n<\/tr>\n<\/tbody>\n<\/table>\n","protected":false},"excerpt":{"rendered":"<p>Titre Cours &#8220;Techniques de nettoyage et d&#8217;assainissement&#8221; B\u00e9n\u00e9fiaires Pour le professionnel du nettoyage ou de la sant\u00e9, et toute personne souhaitant acqu\u00e9rir une \u00a0connaissance \u00a0approfondie \u00a0du nettoyage professionnel \u00a0et \u00a0de \u00a0la d\u00e9sinfection des surfaces et des environnements, avec une attention particuli\u00e8re aux mesures de confinement pr\u00e9ventives \u00e0 adopter pour lutter contre les urgences sanitaires telles que l&#8217;\u00e9pid\u00e9mie de COVID 19. [&hellip;]<\/p>\n","protected":false},"featured_media":164,"template":"","meta":[],"product_brand":[],"product_cat":[26,54,917],"product_tag":[31,45],"class_list":{"0":"post-165","1":"product","2":"type-product","3":"status-publish","4":"has-post-thumbnail","6":"product_cat-corsi-lingua-straniera","7":"product_cat-lingua-francese-lang","8":"product_cat-corsi-fad","9":"product_tag-corsi-sicurezza-d-lgs-81-08-lavoratori","10":"product_tag-corso-8-ore","12":"first","13":"instock","14":"taxable","15":"shipping-taxable","16":"purchasable","17":"product-type-simple"},"yoast_head":"<!-- This site is optimized with the Yoast SEO plugin v25.4 - https:\/\/yoast.com\/wordpress\/plugins\/seo\/ -->\n<title>Corso Sanitificazione - Ampi Point Servizi emmegi<\/title>\n<meta name=\"robots\" content=\"index, follow, max-snippet:-1, max-image-preview:large, max-video-preview:-1\" \/>\n<link rel=\"canonical\" href=\"https:\/\/www.ampipointservizimg.it\/?product=techniques-de-nettoyage-et-dassainissement-corso-francese\" \/>\n<meta property=\"og:locale\" content=\"it_IT\" \/>\n<meta property=\"og:type\" content=\"article\" \/>\n<meta property=\"og:title\" content=\"Corso Sanitificazione - Ampi Point Servizi emmegi\" \/>\n<meta property=\"og:description\" content=\"Titre Cours &#8220;Techniques de nettoyage et d&#8217;assainissement&#8221; B\u00e9n\u00e9fiaires Pour le professionnel du nettoyage ou de la sant\u00e9, et toute personne souhaitant acqu\u00e9rir une \u00a0connaissance \u00a0approfondie \u00a0du nettoyage professionnel \u00a0et \u00a0de \u00a0la d\u00e9sinfection des surfaces et des environnements, avec une attention particuli\u00e8re aux mesures de confinement pr\u00e9ventives \u00e0 adopter pour lutter contre les urgences sanitaires telles que l&#8217;\u00e9pid\u00e9mie de COVID 19. [&hellip;]\" \/>\n<meta property=\"og:url\" content=\"https:\/\/www.ampipointservizimg.it\/?product=techniques-de-nettoyage-et-dassainissement-corso-francese\" \/>\n<meta property=\"og:site_name\" content=\"Ampi Point Servizi emmegi\" \/>\n<meta property=\"article:modified_time\" content=\"2025-07-08T21:16:12+00:00\" \/>\n<meta property=\"og:image\" content=\"https:\/\/www.ampipointservizimg.it\/wp-content\/uploads\/2022\/02\/Techniques-de-nettoyage-et-dassainissement.jpg\" \/>\n\t<meta property=\"og:image:width\" content=\"300\" \/>\n\t<meta property=\"og:image:height\" content=\"300\" \/>\n\t<meta property=\"og:image:type\" content=\"image\/jpeg\" \/>\n<meta name=\"twitter:card\" content=\"summary_large_image\" \/>\n<meta name=\"twitter:label1\" content=\"Tempo di lettura stimato\" \/>\n\t<meta name=\"twitter:data1\" content=\"2 minuti\" \/>\n<script type=\"application\/ld+json\" class=\"yoast-schema-graph\">{\"@context\":\"https:\/\/schema.org\",\"@graph\":[{\"@type\":\"WebPage\",\"@id\":\"https:\/\/www.ampipointservizimg.it\/?product=techniques-de-nettoyage-et-dassainissement-corso-francese\",\"url\":\"https:\/\/www.ampipointservizimg.it\/?product=techniques-de-nettoyage-et-dassainissement-corso-francese\",\"name\":\"Corso Sanitificazione - Ampi Point Servizi emmegi\",\"isPartOf\":{\"@id\":\"https:\/\/www.ampipointservizimg.it\/#website\"},\"primaryImageOfPage\":{\"@id\":\"https:\/\/www.ampipointservizimg.it\/?product=techniques-de-nettoyage-et-dassainissement-corso-francese#primaryimage\"},\"image\":{\"@id\":\"https:\/\/www.ampipointservizimg.it\/?product=techniques-de-nettoyage-et-dassainissement-corso-francese#primaryimage\"},\"thumbnailUrl\":\"https:\/\/www.ampipointservizimg.it\/wp-content\/uploads\/2022\/02\/Techniques-de-nettoyage-et-dassainissement.jpg\",\"datePublished\":\"2022-02-28T14:08:34+00:00\",\"dateModified\":\"2025-07-08T21:16:12+00:00\",\"breadcrumb\":{\"@id\":\"https:\/\/www.ampipointservizimg.it\/?product=techniques-de-nettoyage-et-dassainissement-corso-francese#breadcrumb\"},\"inLanguage\":\"it-IT\",\"potentialAction\":[{\"@type\":\"ReadAction\",\"target\":[\"https:\/\/www.ampipointservizimg.it\/?product=techniques-de-nettoyage-et-dassainissement-corso-francese\"]}]},{\"@type\":\"ImageObject\",\"inLanguage\":\"it-IT\",\"@id\":\"https:\/\/www.ampipointservizimg.it\/?product=techniques-de-nettoyage-et-dassainissement-corso-francese#primaryimage\",\"url\":\"https:\/\/www.ampipointservizimg.it\/wp-content\/uploads\/2022\/02\/Techniques-de-nettoyage-et-dassainissement.jpg\",\"contentUrl\":\"https:\/\/www.ampipointservizimg.it\/wp-content\/uploads\/2022\/02\/Techniques-de-nettoyage-et-dassainissement.jpg\",\"width\":300,\"height\":300},{\"@type\":\"BreadcrumbList\",\"@id\":\"https:\/\/www.ampipointservizimg.it\/?product=techniques-de-nettoyage-et-dassainissement-corso-francese#breadcrumb\",\"itemListElement\":[{\"@type\":\"ListItem\",\"position\":1,\"name\":\"Home\",\"item\":\"https:\/\/www.ampipointservizimg.it\/\"},{\"@type\":\"ListItem\",\"position\":2,\"name\":\"Shop\",\"item\":\"https:\/\/www.ampipointservizimg.it\/?page_id=91\"},{\"@type\":\"ListItem\",\"position\":3,\"name\":\"Corso Sanitificazione\"}]},{\"@type\":\"WebSite\",\"@id\":\"https:\/\/www.ampipointservizimg.it\/#website\",\"url\":\"https:\/\/www.ampipointservizimg.it\/\",\"name\":\"Ampi Point Servizi emmegi\",\"description\":\"\",\"publisher\":{\"@id\":\"https:\/\/www.ampipointservizimg.it\/#organization\"},\"potentialAction\":[{\"@type\":\"SearchAction\",\"target\":{\"@type\":\"EntryPoint\",\"urlTemplate\":\"https:\/\/www.ampipointservizimg.it\/?s={search_term_string}\"},\"query-input\":{\"@type\":\"PropertyValueSpecification\",\"valueRequired\":true,\"valueName\":\"search_term_string\"}}],\"inLanguage\":\"it-IT\"},{\"@type\":\"Organization\",\"@id\":\"https:\/\/www.ampipointservizimg.it\/#organization\",\"name\":\"Sviluppo Qualit\u00e0\",\"alternateName\":\"Sviluppo Qualit\u00e0\",\"url\":\"https:\/\/www.ampipointservizimg.it\/\",\"logo\":{\"@type\":\"ImageObject\",\"inLanguage\":\"it-IT\",\"@id\":\"https:\/\/www.ampipointservizimg.it\/#\/schema\/logo\/image\/\",\"url\":\"https:\/\/www.ampipointservizimg.it\/wp-content\/uploads\/2025\/06\/cropped-logo_con_ampi-1.png\",\"contentUrl\":\"https:\/\/www.ampipointservizimg.it\/wp-content\/uploads\/2025\/06\/cropped-logo_con_ampi-1.png\",\"width\":2269,\"height\":544,\"caption\":\"Sviluppo Qualit\u00e0\"},\"image\":{\"@id\":\"https:\/\/www.ampipointservizimg.it\/#\/schema\/logo\/image\/\"}}]}<\/script>\n<!-- \/ Yoast SEO plugin. -->","yoast_head_json":{"title":"Corso Sanitificazione - Ampi Point Servizi emmegi","robots":{"index":"index","follow":"follow","max-snippet":"max-snippet:-1","max-image-preview":"max-image-preview:large","max-video-preview":"max-video-preview:-1"},"canonical":"https:\/\/www.ampipointservizimg.it\/?product=techniques-de-nettoyage-et-dassainissement-corso-francese","og_locale":"it_IT","og_type":"article","og_title":"Corso Sanitificazione - Ampi Point Servizi emmegi","og_description":"Titre Cours &#8220;Techniques de nettoyage et d&#8217;assainissement&#8221; B\u00e9n\u00e9fiaires Pour le professionnel du nettoyage ou de la sant\u00e9, et toute personne souhaitant acqu\u00e9rir une \u00a0connaissance \u00a0approfondie \u00a0du nettoyage professionnel \u00a0et \u00a0de \u00a0la d\u00e9sinfection des surfaces et des environnements, avec une attention particuli\u00e8re aux mesures de confinement pr\u00e9ventives \u00e0 adopter pour lutter contre les urgences sanitaires telles que l&#8217;\u00e9pid\u00e9mie de COVID 19. [&hellip;]","og_url":"https:\/\/www.ampipointservizimg.it\/?product=techniques-de-nettoyage-et-dassainissement-corso-francese","og_site_name":"Ampi Point Servizi emmegi","article_modified_time":"2025-07-08T21:16:12+00:00","og_image":[{"width":300,"height":300,"url":"https:\/\/www.ampipointservizimg.it\/wp-content\/uploads\/2022\/02\/Techniques-de-nettoyage-et-dassainissement.jpg","type":"image\/jpeg"}],"twitter_card":"summary_large_image","twitter_misc":{"Tempo di lettura stimato":"2 minuti"},"schema":{"@context":"https:\/\/schema.org","@graph":[{"@type":"WebPage","@id":"https:\/\/www.ampipointservizimg.it\/?product=techniques-de-nettoyage-et-dassainissement-corso-francese","url":"https:\/\/www.ampipointservizimg.it\/?product=techniques-de-nettoyage-et-dassainissement-corso-francese","name":"Corso Sanitificazione - Ampi Point Servizi emmegi","isPartOf":{"@id":"https:\/\/www.ampipointservizimg.it\/#website"},"primaryImageOfPage":{"@id":"https:\/\/www.ampipointservizimg.it\/?product=techniques-de-nettoyage-et-dassainissement-corso-francese#primaryimage"},"image":{"@id":"https:\/\/www.ampipointservizimg.it\/?product=techniques-de-nettoyage-et-dassainissement-corso-francese#primaryimage"},"thumbnailUrl":"https:\/\/www.ampipointservizimg.it\/wp-content\/uploads\/2022\/02\/Techniques-de-nettoyage-et-dassainissement.jpg","datePublished":"2022-02-28T14:08:34+00:00","dateModified":"2025-07-08T21:16:12+00:00","breadcrumb":{"@id":"https:\/\/www.ampipointservizimg.it\/?product=techniques-de-nettoyage-et-dassainissement-corso-francese#breadcrumb"},"inLanguage":"it-IT","potentialAction":[{"@type":"ReadAction","target":["https:\/\/www.ampipointservizimg.it\/?product=techniques-de-nettoyage-et-dassainissement-corso-francese"]}]},{"@type":"ImageObject","inLanguage":"it-IT","@id":"https:\/\/www.ampipointservizimg.it\/?product=techniques-de-nettoyage-et-dassainissement-corso-francese#primaryimage","url":"https:\/\/www.ampipointservizimg.it\/wp-content\/uploads\/2022\/02\/Techniques-de-nettoyage-et-dassainissement.jpg","contentUrl":"https:\/\/www.ampipointservizimg.it\/wp-content\/uploads\/2022\/02\/Techniques-de-nettoyage-et-dassainissement.jpg","width":300,"height":300},{"@type":"BreadcrumbList","@id":"https:\/\/www.ampipointservizimg.it\/?product=techniques-de-nettoyage-et-dassainissement-corso-francese#breadcrumb","itemListElement":[{"@type":"ListItem","position":1,"name":"Home","item":"https:\/\/www.ampipointservizimg.it\/"},{"@type":"ListItem","position":2,"name":"Shop","item":"https:\/\/www.ampipointservizimg.it\/?page_id=91"},{"@type":"ListItem","position":3,"name":"Corso Sanitificazione"}]},{"@type":"WebSite","@id":"https:\/\/www.ampipointservizimg.it\/#website","url":"https:\/\/www.ampipointservizimg.it\/","name":"Ampi Point Servizi emmegi","description":"","publisher":{"@id":"https:\/\/www.ampipointservizimg.it\/#organization"},"potentialAction":[{"@type":"SearchAction","target":{"@type":"EntryPoint","urlTemplate":"https:\/\/www.ampipointservizimg.it\/?s={search_term_string}"},"query-input":{"@type":"PropertyValueSpecification","valueRequired":true,"valueName":"search_term_string"}}],"inLanguage":"it-IT"},{"@type":"Organization","@id":"https:\/\/www.ampipointservizimg.it\/#organization","name":"Sviluppo Qualit\u00e0","alternateName":"Sviluppo Qualit\u00e0","url":"https:\/\/www.ampipointservizimg.it\/","logo":{"@type":"ImageObject","inLanguage":"it-IT","@id":"https:\/\/www.ampipointservizimg.it\/#\/schema\/logo\/image\/","url":"https:\/\/www.ampipointservizimg.it\/wp-content\/uploads\/2025\/06\/cropped-logo_con_ampi-1.png","contentUrl":"https:\/\/www.ampipointservizimg.it\/wp-content\/uploads\/2025\/06\/cropped-logo_con_ampi-1.png","width":2269,"height":544,"caption":"Sviluppo Qualit\u00e0"},"image":{"@id":"https:\/\/www.ampipointservizimg.it\/#\/schema\/logo\/image\/"}}]}},"_links":{"self":[{"href":"https:\/\/www.ampipointservizimg.it\/index.php?rest_route=\/wp\/v2\/product\/165","targetHints":{"allow":["GET"]}}],"collection":[{"href":"https:\/\/www.ampipointservizimg.it\/index.php?rest_route=\/wp\/v2\/product"}],"about":[{"href":"https:\/\/www.ampipointservizimg.it\/index.php?rest_route=\/wp\/v2\/types\/product"}],"wp:featuredmedia":[{"embeddable":true,"href":"https:\/\/www.ampipointservizimg.it\/index.php?rest_route=\/wp\/v2\/media\/164"}],"wp:attachment":[{"href":"https:\/\/www.ampipointservizimg.it\/index.php?rest_route=%2Fwp%2Fv2%2Fmedia&parent=165"}],"wp:term":[{"taxonomy":"product_brand","embeddable":true,"href":"https:\/\/www.ampipointservizimg.it\/index.php?rest_route=%2Fwp%2Fv2%2Fproduct_brand&post=165"},{"taxonomy":"product_cat","embeddable":true,"href":"https:\/\/www.ampipointservizimg.it\/index.php?rest_route=%2Fwp%2Fv2%2Fproduct_cat&post=165"},{"taxonomy":"product_tag","embeddable":true,"href":"https:\/\/www.ampipointservizimg.it\/index.php?rest_route=%2Fwp%2Fv2%2Fproduct_tag&post=165"}],"curies":[{"name":"wp","href":"https:\/\/api.w.org\/{rel}","templated":true}]}}