{"id":2486,"date":"2023-06-12T17:38:43","date_gmt":"2023-06-12T15:38:43","guid":{"rendered":"https:\/\/new.sviluppoqualita.it\/?post_type=product&#038;p=2486"},"modified":"2025-07-08T23:16:02","modified_gmt":"2025-07-08T21:16:02","slug":"fsl-24h-esperto-formatore-per-la-sicurezza-sul-lavoro","status":"publish","type":"product","link":"https:\/\/www.ampipointservizimg.it\/?product=fsl-24h-esperto-formatore-per-la-sicurezza-sul-lavoro","title":{"rendered":"FSL 24h &#8211; Esperto formatore per la sicurezza sul lavoro"},"content":{"rendered":"<p>Formatore per la Sicurezza sul Lavoro (FSL) \u2013 D.I. 06\/03\/2013<\/p>\n<h2><strong>Descrizione finalit\u00e0 e vantaggi<\/strong><\/h2>\n<p>Il corso si propone di fornire le competenze necessarie per la figura Formatore per la Sicurezza sul Lavoro. Pertanto gli obiettivi del corso sono: &#8211; Conoscenza e comprensione degli argomenti oggetto del corso; &#8211; Acquisizione di conoscenze, abilit\u00e0 e caratteristiche professionali per la figura formatore sulla salute e sicurezza dei lavoratori. Il Formatore per la Sicurezza sul Lavoro (FSL) \u00e8 una persona che ha le conoscenze, l\u2019esperienza e la capacit\u00e0 necessarie per poter effettuare la formazione e la gestione dei processi di apprendimento nell\u2019ambito della Sicurezza sul Lavoro cos\u00ec come disciplinato dal D. Lgs. 81\/08 e s.m.i.<\/p>\n<h2><strong>A chi \u00e8 destinato<\/strong><\/h2>\n<p>Datori di lavoro, responsabili del servizio di prevenzione e protezione, preposti, dirigenti o rappresentanti dei lavoratori, o altri soggetti individuati dalla Legge nell\u2019ambito del sistema aziendale di gestione della sicurezza, e tutti coloro che vogliono essere in grado di sviluppare competenze innovative e acquisire le capacit\u00e0 professionali necessarie ad erogare e gestire la formazione in materia di salute e sicurezza sui luoghi di lavoro.<\/p>\n<h2><strong>Modalit\u00e0 e Durata<\/strong><\/h2>\n<p>Il corso ha una durata di 24 ore erogabile completamente in modalit\u00e0 e-learning (LMS) Learning Management System, in grado di monitorare e di certificare lo svolgimento, la tracciabilit\u00e0 e il completamento delle attivit\u00e0 didattiche di ciascun utente.<\/p>\n<h2><strong>Programma e Docenti<\/strong><\/h2>\n<p>Programma del corso MODULO 1. La Comunicazione: definizioni ed aspetti storici &#8211; Aspetti Storici &#8211; Comunicazione e Tecnologia &#8211; La comunicazione come bisogno primordiale &#8211; La comunicazione come processo di trasferimento delle informazioni &#8211; La comunicazione in materia di salute e sicurezza nei luoghi di lavoro &#8211; Linguaggio come mezzo di comunicazione &#8211; Valore della comunicazione nelle attivit\u00e0 umane Programma del corso \u00a0 MODULO 2. Tecniche di comunicazione e sicurezza sul lavoro &#8211; Ascolto e Dialogo &#8211; Gli aspetti di incomprensione nella comunicazione &#8211; Gli attori della comunicazione &#8211; Il contesto ambientale e le personalit\u00e0 individuali &#8211; La percezione del proprio punto di vista e di quello altrui &#8211; Tecniche di comunicazione in tema di sicurezza lavoro \u00a0 MODULO 3. La Comunicazione: modalit\u00e0 e Strumenti &#8211; Faq &#8211; Forum &#8211; Il chatting &#8211; La comunicazione verbale &#8211; La posta elettronica &#8211; La videocomunicazionev &#8211; Le mailing list &#8211; Strumenti per la comunicazione \u00a0 MODULO 4. Comunicazione e Gestione &#8211; Formazione e piani di formazione &#8211; La comunicazione integrata interna ed esterna &#8211; La gestione della comunicazione e della documentazione &#8211; prevenzione rischi infortuni &#8211; Segnaletica &#8211; Valutazione dei rischi \u00a0 MODULO 5. Comunicazione e partecipazione in materia di sicurezza &#8211; Accordo Stato regioni 2012 &#8211; Comunicazione, Partecipazione e Consulenza &#8211; Le risultanze della partecipazione &#8211; Ruolo dell&#8217;informazione e della formazione \u00a0 MODULO 6. Comunicazione e formazione &#8211; Comunicazione e organizzazione &#8211; I modelli di organizzazione e gestione &#8211; La comunicazione e-learning FAD<\/p>\n<h2><strong>Valutazione e Attestazione<\/strong><\/h2>\n<p>La verifica dell\u2019apprendimento \u00e8 svolta mediante test, somministrabili anche in itinere, per un totale minimo di 30 domande, ciascuna con almeno 3 risposte alternative.<\/p>\n<p><!-- blu 094775 rosso d1222b --><\/p>\n","protected":false},"excerpt":{"rendered":"<p>Formatore per la Sicurezza sul Lavoro (FSL) \u2013 D.I. 06\/03\/2013 Descrizione finalit\u00e0 e vantaggi Il corso si propone di fornire le competenze necessarie per la figura Formatore per la Sicurezza sul Lavoro. Pertanto gli obiettivi del corso sono: &#8211; Conoscenza e comprensione degli argomenti oggetto del corso; &#8211; Acquisizione di conoscenze, abilit\u00e0 e caratteristiche professionali per la figura formatore sulla [&hellip;]<\/p>\n","protected":false},"featured_media":2487,"template":"","meta":[],"product_brand":[],"product_cat":[917,734],"product_tag":[],"class_list":{"0":"post-2486","1":"product","2":"type-product","3":"status-publish","4":"has-post-thumbnail","6":"product_cat-corsi-fad","7":"product_cat-corsi-professionali","9":"first","10":"instock","11":"taxable","12":"shipping-taxable","13":"purchasable","14":"product-type-simple"},"yoast_head":"<!-- This site is optimized with the Yoast SEO plugin v25.4 - https:\/\/yoast.com\/wordpress\/plugins\/seo\/ -->\n<title>FSL 24h - Esperto formatore per la sicurezza sul lavoro - Ampi Point Servizi emmegi<\/title>\n<meta name=\"robots\" content=\"index, follow, max-snippet:-1, max-image-preview:large, max-video-preview:-1\" \/>\n<link rel=\"canonical\" href=\"https:\/\/www.ampipointservizimg.it\/?product=fsl-24h-esperto-formatore-per-la-sicurezza-sul-lavoro\" \/>\n<meta property=\"og:locale\" content=\"it_IT\" \/>\n<meta property=\"og:type\" content=\"article\" \/>\n<meta property=\"og:title\" content=\"FSL 24h - Esperto formatore per la sicurezza sul lavoro - Ampi Point Servizi emmegi\" \/>\n<meta property=\"og:description\" content=\"Formatore per la Sicurezza sul Lavoro (FSL) \u2013 D.I. 06\/03\/2013 Descrizione finalit\u00e0 e vantaggi Il corso si propone di fornire le competenze necessarie per la figura Formatore per la Sicurezza sul Lavoro. Pertanto gli obiettivi del corso sono: &#8211; Conoscenza e comprensione degli argomenti oggetto del corso; &#8211; Acquisizione di conoscenze, abilit\u00e0 e caratteristiche professionali per la figura formatore sulla [&hellip;]\" \/>\n<meta property=\"og:url\" content=\"https:\/\/www.ampipointservizimg.it\/?product=fsl-24h-esperto-formatore-per-la-sicurezza-sul-lavoro\" \/>\n<meta property=\"og:site_name\" content=\"Ampi Point Servizi emmegi\" \/>\n<meta property=\"article:modified_time\" content=\"2025-07-08T21:16:02+00:00\" \/>\n<meta property=\"og:image\" content=\"https:\/\/www.ampipointservizimg.it\/wp-content\/uploads\/2023\/06\/FSL-\u2013-Esperto-Formatore-per-la-Sicurezza-2_icon.jpg\" \/>\n\t<meta property=\"og:image:width\" content=\"300\" \/>\n\t<meta property=\"og:image:height\" content=\"300\" \/>\n\t<meta property=\"og:image:type\" content=\"image\/jpeg\" \/>\n<meta name=\"twitter:card\" content=\"summary_large_image\" \/>\n<meta name=\"twitter:label1\" content=\"Tempo di lettura stimato\" \/>\n\t<meta name=\"twitter:data1\" content=\"2 minuti\" \/>\n<script type=\"application\/ld+json\" class=\"yoast-schema-graph\">{\"@context\":\"https:\/\/schema.org\",\"@graph\":[{\"@type\":\"WebPage\",\"@id\":\"https:\/\/www.ampipointservizimg.it\/?product=fsl-24h-esperto-formatore-per-la-sicurezza-sul-lavoro\",\"url\":\"https:\/\/www.ampipointservizimg.it\/?product=fsl-24h-esperto-formatore-per-la-sicurezza-sul-lavoro\",\"name\":\"FSL 24h - Esperto formatore per la sicurezza sul lavoro - Ampi Point Servizi emmegi\",\"isPartOf\":{\"@id\":\"https:\/\/www.ampipointservizimg.it\/#website\"},\"primaryImageOfPage\":{\"@id\":\"https:\/\/www.ampipointservizimg.it\/?product=fsl-24h-esperto-formatore-per-la-sicurezza-sul-lavoro#primaryimage\"},\"image\":{\"@id\":\"https:\/\/www.ampipointservizimg.it\/?product=fsl-24h-esperto-formatore-per-la-sicurezza-sul-lavoro#primaryimage\"},\"thumbnailUrl\":\"https:\/\/www.ampipointservizimg.it\/wp-content\/uploads\/2023\/06\/FSL-\u2013-Esperto-Formatore-per-la-Sicurezza-2_icon.jpg\",\"datePublished\":\"2023-06-12T15:38:43+00:00\",\"dateModified\":\"2025-07-08T21:16:02+00:00\",\"breadcrumb\":{\"@id\":\"https:\/\/www.ampipointservizimg.it\/?product=fsl-24h-esperto-formatore-per-la-sicurezza-sul-lavoro#breadcrumb\"},\"inLanguage\":\"it-IT\",\"potentialAction\":[{\"@type\":\"ReadAction\",\"target\":[\"https:\/\/www.ampipointservizimg.it\/?product=fsl-24h-esperto-formatore-per-la-sicurezza-sul-lavoro\"]}]},{\"@type\":\"ImageObject\",\"inLanguage\":\"it-IT\",\"@id\":\"https:\/\/www.ampipointservizimg.it\/?product=fsl-24h-esperto-formatore-per-la-sicurezza-sul-lavoro#primaryimage\",\"url\":\"https:\/\/www.ampipointservizimg.it\/wp-content\/uploads\/2023\/06\/FSL-\u2013-Esperto-Formatore-per-la-Sicurezza-2_icon.jpg\",\"contentUrl\":\"https:\/\/www.ampipointservizimg.it\/wp-content\/uploads\/2023\/06\/FSL-\u2013-Esperto-Formatore-per-la-Sicurezza-2_icon.jpg\",\"width\":300,\"height\":300},{\"@type\":\"BreadcrumbList\",\"@id\":\"https:\/\/www.ampipointservizimg.it\/?product=fsl-24h-esperto-formatore-per-la-sicurezza-sul-lavoro#breadcrumb\",\"itemListElement\":[{\"@type\":\"ListItem\",\"position\":1,\"name\":\"Home\",\"item\":\"https:\/\/www.ampipointservizimg.it\/\"},{\"@type\":\"ListItem\",\"position\":2,\"name\":\"Shop\",\"item\":\"https:\/\/www.ampipointservizimg.it\/?page_id=91\"},{\"@type\":\"ListItem\",\"position\":3,\"name\":\"FSL 24h &#8211; Esperto formatore per la sicurezza sul lavoro\"}]},{\"@type\":\"WebSite\",\"@id\":\"https:\/\/www.ampipointservizimg.it\/#website\",\"url\":\"https:\/\/www.ampipointservizimg.it\/\",\"name\":\"Ampi Point Servizi emmegi\",\"description\":\"\",\"publisher\":{\"@id\":\"https:\/\/www.ampipointservizimg.it\/#organization\"},\"potentialAction\":[{\"@type\":\"SearchAction\",\"target\":{\"@type\":\"EntryPoint\",\"urlTemplate\":\"https:\/\/www.ampipointservizimg.it\/?s={search_term_string}\"},\"query-input\":{\"@type\":\"PropertyValueSpecification\",\"valueRequired\":true,\"valueName\":\"search_term_string\"}}],\"inLanguage\":\"it-IT\"},{\"@type\":\"Organization\",\"@id\":\"https:\/\/www.ampipointservizimg.it\/#organization\",\"name\":\"Sviluppo Qualit\u00e0\",\"alternateName\":\"Sviluppo Qualit\u00e0\",\"url\":\"https:\/\/www.ampipointservizimg.it\/\",\"logo\":{\"@type\":\"ImageObject\",\"inLanguage\":\"it-IT\",\"@id\":\"https:\/\/www.ampipointservizimg.it\/#\/schema\/logo\/image\/\",\"url\":\"https:\/\/www.ampipointservizimg.it\/wp-content\/uploads\/2025\/06\/cropped-logo_con_ampi-1.png\",\"contentUrl\":\"https:\/\/www.ampipointservizimg.it\/wp-content\/uploads\/2025\/06\/cropped-logo_con_ampi-1.png\",\"width\":2269,\"height\":544,\"caption\":\"Sviluppo Qualit\u00e0\"},\"image\":{\"@id\":\"https:\/\/www.ampipointservizimg.it\/#\/schema\/logo\/image\/\"}}]}<\/script>\n<!-- \/ Yoast SEO plugin. -->","yoast_head_json":{"title":"FSL 24h - Esperto formatore per la sicurezza sul lavoro - Ampi Point Servizi emmegi","robots":{"index":"index","follow":"follow","max-snippet":"max-snippet:-1","max-image-preview":"max-image-preview:large","max-video-preview":"max-video-preview:-1"},"canonical":"https:\/\/www.ampipointservizimg.it\/?product=fsl-24h-esperto-formatore-per-la-sicurezza-sul-lavoro","og_locale":"it_IT","og_type":"article","og_title":"FSL 24h - Esperto formatore per la sicurezza sul lavoro - Ampi Point Servizi emmegi","og_description":"Formatore per la Sicurezza sul Lavoro (FSL) \u2013 D.I. 06\/03\/2013 Descrizione finalit\u00e0 e vantaggi Il corso si propone di fornire le competenze necessarie per la figura Formatore per la Sicurezza sul Lavoro. Pertanto gli obiettivi del corso sono: &#8211; Conoscenza e comprensione degli argomenti oggetto del corso; &#8211; Acquisizione di conoscenze, abilit\u00e0 e caratteristiche professionali per la figura formatore sulla [&hellip;]","og_url":"https:\/\/www.ampipointservizimg.it\/?product=fsl-24h-esperto-formatore-per-la-sicurezza-sul-lavoro","og_site_name":"Ampi Point Servizi emmegi","article_modified_time":"2025-07-08T21:16:02+00:00","og_image":[{"width":300,"height":300,"url":"https:\/\/www.ampipointservizimg.it\/wp-content\/uploads\/2023\/06\/FSL-\u2013-Esperto-Formatore-per-la-Sicurezza-2_icon.jpg","type":"image\/jpeg"}],"twitter_card":"summary_large_image","twitter_misc":{"Tempo di lettura stimato":"2 minuti"},"schema":{"@context":"https:\/\/schema.org","@graph":[{"@type":"WebPage","@id":"https:\/\/www.ampipointservizimg.it\/?product=fsl-24h-esperto-formatore-per-la-sicurezza-sul-lavoro","url":"https:\/\/www.ampipointservizimg.it\/?product=fsl-24h-esperto-formatore-per-la-sicurezza-sul-lavoro","name":"FSL 24h - Esperto formatore per la sicurezza sul lavoro - Ampi Point Servizi emmegi","isPartOf":{"@id":"https:\/\/www.ampipointservizimg.it\/#website"},"primaryImageOfPage":{"@id":"https:\/\/www.ampipointservizimg.it\/?product=fsl-24h-esperto-formatore-per-la-sicurezza-sul-lavoro#primaryimage"},"image":{"@id":"https:\/\/www.ampipointservizimg.it\/?product=fsl-24h-esperto-formatore-per-la-sicurezza-sul-lavoro#primaryimage"},"thumbnailUrl":"https:\/\/www.ampipointservizimg.it\/wp-content\/uploads\/2023\/06\/FSL-\u2013-Esperto-Formatore-per-la-Sicurezza-2_icon.jpg","datePublished":"2023-06-12T15:38:43+00:00","dateModified":"2025-07-08T21:16:02+00:00","breadcrumb":{"@id":"https:\/\/www.ampipointservizimg.it\/?product=fsl-24h-esperto-formatore-per-la-sicurezza-sul-lavoro#breadcrumb"},"inLanguage":"it-IT","potentialAction":[{"@type":"ReadAction","target":["https:\/\/www.ampipointservizimg.it\/?product=fsl-24h-esperto-formatore-per-la-sicurezza-sul-lavoro"]}]},{"@type":"ImageObject","inLanguage":"it-IT","@id":"https:\/\/www.ampipointservizimg.it\/?product=fsl-24h-esperto-formatore-per-la-sicurezza-sul-lavoro#primaryimage","url":"https:\/\/www.ampipointservizimg.it\/wp-content\/uploads\/2023\/06\/FSL-\u2013-Esperto-Formatore-per-la-Sicurezza-2_icon.jpg","contentUrl":"https:\/\/www.ampipointservizimg.it\/wp-content\/uploads\/2023\/06\/FSL-\u2013-Esperto-Formatore-per-la-Sicurezza-2_icon.jpg","width":300,"height":300},{"@type":"BreadcrumbList","@id":"https:\/\/www.ampipointservizimg.it\/?product=fsl-24h-esperto-formatore-per-la-sicurezza-sul-lavoro#breadcrumb","itemListElement":[{"@type":"ListItem","position":1,"name":"Home","item":"https:\/\/www.ampipointservizimg.it\/"},{"@type":"ListItem","position":2,"name":"Shop","item":"https:\/\/www.ampipointservizimg.it\/?page_id=91"},{"@type":"ListItem","position":3,"name":"FSL 24h &#8211; Esperto formatore per la sicurezza sul lavoro"}]},{"@type":"WebSite","@id":"https:\/\/www.ampipointservizimg.it\/#website","url":"https:\/\/www.ampipointservizimg.it\/","name":"Ampi Point Servizi emmegi","description":"","publisher":{"@id":"https:\/\/www.ampipointservizimg.it\/#organization"},"potentialAction":[{"@type":"SearchAction","target":{"@type":"EntryPoint","urlTemplate":"https:\/\/www.ampipointservizimg.it\/?s={search_term_string}"},"query-input":{"@type":"PropertyValueSpecification","valueRequired":true,"valueName":"search_term_string"}}],"inLanguage":"it-IT"},{"@type":"Organization","@id":"https:\/\/www.ampipointservizimg.it\/#organization","name":"Sviluppo Qualit\u00e0","alternateName":"Sviluppo Qualit\u00e0","url":"https:\/\/www.ampipointservizimg.it\/","logo":{"@type":"ImageObject","inLanguage":"it-IT","@id":"https:\/\/www.ampipointservizimg.it\/#\/schema\/logo\/image\/","url":"https:\/\/www.ampipointservizimg.it\/wp-content\/uploads\/2025\/06\/cropped-logo_con_ampi-1.png","contentUrl":"https:\/\/www.ampipointservizimg.it\/wp-content\/uploads\/2025\/06\/cropped-logo_con_ampi-1.png","width":2269,"height":544,"caption":"Sviluppo Qualit\u00e0"},"image":{"@id":"https:\/\/www.ampipointservizimg.it\/#\/schema\/logo\/image\/"}}]}},"_links":{"self":[{"href":"https:\/\/www.ampipointservizimg.it\/index.php?rest_route=\/wp\/v2\/product\/2486","targetHints":{"allow":["GET"]}}],"collection":[{"href":"https:\/\/www.ampipointservizimg.it\/index.php?rest_route=\/wp\/v2\/product"}],"about":[{"href":"https:\/\/www.ampipointservizimg.it\/index.php?rest_route=\/wp\/v2\/types\/product"}],"wp:featuredmedia":[{"embeddable":true,"href":"https:\/\/www.ampipointservizimg.it\/index.php?rest_route=\/wp\/v2\/media\/2487"}],"wp:attachment":[{"href":"https:\/\/www.ampipointservizimg.it\/index.php?rest_route=%2Fwp%2Fv2%2Fmedia&parent=2486"}],"wp:term":[{"taxonomy":"product_brand","embeddable":true,"href":"https:\/\/www.ampipointservizimg.it\/index.php?rest_route=%2Fwp%2Fv2%2Fproduct_brand&post=2486"},{"taxonomy":"product_cat","embeddable":true,"href":"https:\/\/www.ampipointservizimg.it\/index.php?rest_route=%2Fwp%2Fv2%2Fproduct_cat&post=2486"},{"taxonomy":"product_tag","embeddable":true,"href":"https:\/\/www.ampipointservizimg.it\/index.php?rest_route=%2Fwp%2Fv2%2Fproduct_tag&post=2486"}],"curies":[{"name":"wp","href":"https:\/\/api.w.org\/{rel}","templated":true}]}}