{"id":464,"date":"2022-02-28T18:56:12","date_gmt":"2022-02-28T17:56:12","guid":{"rendered":"https:\/\/new.sviluppoqualita.it\/prodotto\/tecniche-di-pulizia-e-sanificazione\/"},"modified":"2025-07-08T23:16:08","modified_gmt":"2025-07-08T21:16:08","slug":"tecniche-di-pulizia-e-sanificazione","status":"publish","type":"product","link":"https:\/\/www.ampipointservizimg.it\/?product=tecniche-di-pulizia-e-sanificazione","title":{"rendered":"Tecniche di Pulizia e Sanificazione"},"content":{"rendered":"<div id=\"div-scarica-scheda-tecnica\" style=\"text-align: center; padding: 7px; color: white; padding-top: 10px;\"><!-- blu 094775 rosso d1222b --> <a style=\"padding: 10px; border: 1px solid #dddddd; background-color: #d1222b; color: white;\" href=\"https:\/\/www.networkgtc.it\/wp-content\/uploads\/2020\/04\/Tecniche-di-Pulizia-e-Sanificazione.pdf\" target=\"_blank\" rel=\"noopener noreferrer\"> <i class=\"fa fa-file-pdf-o\" style=\"padding-left: 5px; ;color: white;\" aria-hidden=\"true\"><\/i> \u00a0 <span style=\"border-left: 1px solid white;\"> \u00a0 Visualizza Scheda Tecnica in PDF<\/span><\/a><\/div>\n<table class=\"tabella-scheda-tecnica-networkgtc\" style=\"width: 74.2336%;\">\n<tbody>\n<tr>\n<td style=\"width: 15.9124%; border-width: 1pt; border-style: solid;\">\n<p class=\"s1\" style=\"padding-left: 7pt; padding-right: 9pt; text-indent: 0pt; text-align: center;\"><span style=\"font-size: 12pt;\"><strong>Titolo<\/strong><\/span><\/p>\n<\/td>\n<td style=\"width: 113.258%; border-width: 1pt; border-style: solid;\">\n<p class=\"s2\" style=\"padding-left: 5pt; text-indent: 0pt; text-align: left;\"><a href=\"https:\/\/shop.networkgtc.it\/product-category\/formazione\/sicurezza\/formazione-corsi-sicurezza-d-lgs-8108-lavoratori\/\"><span style=\"font-size: 14pt;\">Tecniche di Pulizia e Sanificazione<\/span><\/a><\/p>\n<\/td>\n<\/tr>\n<tr>\n<td style=\"width: 15.9124%; border-width: 1pt; border-style: solid;\">\n<p class=\"s1\" style=\"padding-left: 7pt; padding-right: 10pt; text-indent: 0pt; text-align: center;\"><span style=\"font-size: 12pt;\"><strong>A chi si rivolge<br \/>\n<\/strong><\/span><\/p>\n<\/td>\n<td style=\"width: 113.258%; border-width: 1pt; border-style: solid;\">\n<p class=\"s3\" style=\"padding-top: 3pt; padding-left: 5pt; padding-right: 4pt; text-indent: 0pt; text-align: justify;\"><span style=\"font-size: 14pt;\">Per il professionista della pulizia o sanitario, e chiunque intenda acquisire una conoscenza approfondita della pulizia professionale e della sanificazione di superfici e ambienti, con particolare attenzione alle misure precauzionali di contenimento da adottare per contrastare emergenze sanitarie come l\u2019epidemia da COVID 19.<\/span><\/p>\n<\/td>\n<\/tr>\n<tr>\n<td style=\"width: 15.9124%; border-width: 1pt; border-style: solid;\">\n<p class=\"s1\" style=\"padding-left: 14pt; padding-right: 16pt; text-indent: 0pt; text-align: center;\"><span style=\"font-size: 12pt;\"><strong>Obiettivi e Finalit\u00e0<\/strong><\/span><\/p>\n<\/td>\n<td style=\"width: 113.258%; border-width: 1pt; border-style: solid;\"><span style=\"font-size: 14pt;\">Il corso permette di acquisire le competenze per utilizzare in sicurezza attrezzature e prodotti per la disinfezione e sanificazione degli ambienti e per la scelta e l\u2019attuazione del trattamento pi\u00f9 efficace a seconda delle diverse condizioni ambientali delle realt\u00e0 produttive considerate, fino allo smaltimento dei rifiuti e al riordino degli ambienti trattati.<\/span><\/td>\n<\/tr>\n<tr>\n<td style=\"width: 15.9124%; border-width: 1pt; border-style: solid; text-align: center;\"><span style=\"font-size: 12pt;\"><strong>Requisiti di ammissione<\/strong><\/span><\/td>\n<td style=\"width: 113.258%; border-width: 1pt; border-style: solid;\">\n<p class=\"s3\" style=\"padding-top: 9pt; padding-left: 5pt; text-indent: 0pt; text-align: left;\"><span style=\"font-size: 14pt;\">Licenza media inferiore<br \/>\n<\/span><\/p>\n<\/td>\n<\/tr>\n<tr>\n<td style=\"width: 15.9124%; border-width: 1pt; border-style: solid; text-align: center;\"><span style=\"font-size: 12pt;\"><strong>Durata e modalit\u00e0<\/strong><\/span><\/td>\n<td style=\"width: 113.258%; border-width: 1pt; border-style: solid;\"><span style=\"font-size: 14pt;\">Il corso ha una durata di 8 ore erogate completamente in modalit\u00e0 e-learning (L.M.S.) Learning Management System, in grado di monitorare e di certificare lo svolgimento, la tracciabilit\u00e0 e il completamento delle attivit\u00e0 didattiche di ciascun utente.<\/span><\/td>\n<\/tr>\n<tr>\n<td style=\"width: 15.9124%; border-width: 1pt; border-style: solid;\">\n<p class=\"s1\" style=\"padding-left: 11pt; text-indent: -5pt; text-align: center;\"><strong><span style=\"font-size: 12pt;\">Programma del corso<\/span><\/strong><\/p>\n<\/td>\n<td style=\"width: 113.258%; border-width: 1pt; border-style: solid;\"><strong><span style=\"font-size: 14pt;\">Parte 1<\/span><\/strong><\/p>\n<p><span style=\"font-size: 14pt;\">-Principi di igiene<\/span><\/p>\n<p><span style=\"font-size: 14pt;\">-Le infezioni ospedaliere<\/span><\/p>\n<p><span style=\"font-size: 14pt;\">-Uso dei DPI<\/span><\/p>\n<p><span style=\"font-size: 14pt;\">-Pulizia e sanitizzazione in ospedale<\/span><\/p>\n<p><span style=\"font-size: 14pt;\">-La classificazione e la gestione dei rifiuti<\/span><\/p>\n<p><strong><span style=\"font-size: 14pt;\">Parte 2<\/span><\/strong><\/p>\n<p><span style=\"font-size: 14pt;\">-I tipi di sporco<\/span><\/p>\n<p><span style=\"font-size: 14pt;\">-Tipi di pulizia<\/span><\/p>\n<p><span style=\"font-size: 14pt;\">-Pulizia professionale degli edifici<\/span><\/p>\n<p><span style=\"font-size: 14pt;\">-Le patologie indotte o favorite dai detergenti<\/span><\/p>\n<p><span style=\"font-size: 14pt;\">-Sanificare casa-Sanificare le superfici<\/span><\/p>\n<p><span style=\"font-size: 14pt;\">-Epidemiologia delle malattie infettive<\/span><\/p>\n<p><span style=\"font-size: 14pt;\">-Agenti Biologici<\/span><\/p>\n<p><span style=\"font-size: 14pt;\">-Agenti Cancerogeni<\/span><\/p>\n<p><span style=\"font-size: 14pt;\">-Agenti Chimici<\/span><\/p>\n<p><span style=\"font-size: 14pt;\">-Test<\/span><\/p>\n<p><strong><span style=\"font-size: 14pt;\">Parte 3<\/span><\/strong><\/p>\n<p><span style=\"font-size: 14pt;\">-Come lavarsi le mani<\/span><\/p>\n<p><span style=\"font-size: 14pt;\">-Dialogo sul Corona Virus<\/span><\/p>\n<p><span style=\"font-size: 14pt;\">-Decalogo per evitare il diffondersi di COVID19<\/span><\/p>\n<p><span style=\"font-size: 14pt;\">-Test Covid<\/span><\/p>\n<p><span style=\"font-size: 14pt;\">\u00a0<\/span><\/td>\n<\/tr>\n<tr>\n<td style=\"width: 15.9124%; border-width: 1pt; border-style: solid;\">\n<p class=\"s1\" style=\"padding-top: 3pt; padding-left: 7pt; padding-right: 9pt; text-indent: 0pt; text-align: center;\"><strong><span style=\"font-size: 12pt;\">Valutazione<\/span><\/strong><\/p>\n<\/td>\n<td style=\"width: 113.258%; border-width: 1pt; border-style: solid;\"><span style=\"font-size: 14pt;\">Verifica di apprendimento tramite quiz e test con domande a risposta multipla, inclusi nel corso e-learning.<\/span><\/p>\n<p class=\"s3\" style=\"padding-top: 1pt; padding-left: 5pt; padding-right: 4pt; text-indent: 0pt; text-align: justify;\"><span style=\"font-size: 14pt;\">\u00a0<\/span><\/p>\n<\/td>\n<\/tr>\n<tr>\n<td style=\"width: 15.9124%; border-width: 1pt; border-style: solid; text-align: center;\"><strong><span style=\"font-size: 12pt;\">Attestato Formativo rilasciato<\/span><\/strong><\/td>\n<td style=\"width: 113.258%; border-width: 1pt; border-style: solid;\">\n<p class=\"s3\" style=\"padding-left: 5pt; text-indent: 0pt; text-align: left;\"><span style=\"font-size: 14pt;\">Attestato di frequenza del corso.<\/span><\/p>\n<\/td>\n<\/tr>\n<\/tbody>\n<\/table>\n","protected":false},"excerpt":{"rendered":"<p>\u00a0 \u00a0 Visualizza Scheda Tecnica in PDF Titolo Tecniche di Pulizia e Sanificazione A chi si rivolge Per il professionista della pulizia o sanitario, e chiunque intenda acquisire una conoscenza approfondita della pulizia professionale e della sanificazione di superfici e ambienti, con particolare attenzione alle misure precauzionali di contenimento da adottare per contrastare emergenze sanitarie come l\u2019epidemia da COVID 19. [&hellip;]<\/p>\n","protected":false},"featured_media":463,"template":"","meta":[],"product_brand":[],"product_cat":[28,917],"product_tag":[31,45],"class_list":{"0":"post-464","1":"product","2":"type-product","3":"status-publish","4":"has-post-thumbnail","6":"product_cat-corsi-sicurezza-d-lgs-81-08","7":"product_cat-corsi-fad","8":"product_tag-corsi-sicurezza-d-lgs-81-08-lavoratori","9":"product_tag-corso-8-ore","11":"first","12":"instock","13":"taxable","14":"shipping-taxable","15":"purchasable","16":"product-type-simple"},"yoast_head":"<!-- This site is optimized with the Yoast SEO plugin v25.4 - https:\/\/yoast.com\/wordpress\/plugins\/seo\/ -->\n<title>Tecniche di Pulizia e Sanificazione - Ampi Point Servizi emmegi<\/title>\n<meta name=\"robots\" content=\"index, follow, max-snippet:-1, max-image-preview:large, max-video-preview:-1\" \/>\n<link rel=\"canonical\" href=\"https:\/\/www.ampipointservizimg.it\/?product=tecniche-di-pulizia-e-sanificazione\" \/>\n<meta property=\"og:locale\" content=\"it_IT\" \/>\n<meta property=\"og:type\" content=\"article\" \/>\n<meta property=\"og:title\" content=\"Tecniche di Pulizia e Sanificazione - Ampi Point Servizi emmegi\" \/>\n<meta property=\"og:description\" content=\"\u00a0 \u00a0 Visualizza Scheda Tecnica in PDF Titolo Tecniche di Pulizia e Sanificazione A chi si rivolge Per il professionista della pulizia o sanitario, e chiunque intenda acquisire una conoscenza approfondita della pulizia professionale e della sanificazione di superfici e ambienti, con particolare attenzione alle misure precauzionali di contenimento da adottare per contrastare emergenze sanitarie come l\u2019epidemia da COVID 19. [&hellip;]\" \/>\n<meta property=\"og:url\" content=\"https:\/\/www.ampipointservizimg.it\/?product=tecniche-di-pulizia-e-sanificazione\" \/>\n<meta property=\"og:site_name\" content=\"Ampi Point Servizi emmegi\" \/>\n<meta property=\"article:modified_time\" content=\"2025-07-08T21:16:08+00:00\" \/>\n<meta property=\"og:image\" content=\"https:\/\/www.ampipointservizimg.it\/wp-content\/uploads\/2022\/02\/Tecniche-di-Pulizia-e-Sanificazione.jpg\" \/>\n\t<meta property=\"og:image:width\" content=\"300\" \/>\n\t<meta property=\"og:image:height\" content=\"300\" \/>\n\t<meta property=\"og:image:type\" content=\"image\/jpeg\" \/>\n<meta name=\"twitter:card\" content=\"summary_large_image\" \/>\n<meta name=\"twitter:label1\" content=\"Tempo di lettura stimato\" \/>\n\t<meta name=\"twitter:data1\" content=\"2 minuti\" \/>\n<script type=\"application\/ld+json\" class=\"yoast-schema-graph\">{\"@context\":\"https:\/\/schema.org\",\"@graph\":[{\"@type\":\"WebPage\",\"@id\":\"https:\/\/www.ampipointservizimg.it\/?product=tecniche-di-pulizia-e-sanificazione\",\"url\":\"https:\/\/www.ampipointservizimg.it\/?product=tecniche-di-pulizia-e-sanificazione\",\"name\":\"Tecniche di Pulizia e Sanificazione - Ampi Point Servizi emmegi\",\"isPartOf\":{\"@id\":\"https:\/\/www.ampipointservizimg.it\/#website\"},\"primaryImageOfPage\":{\"@id\":\"https:\/\/www.ampipointservizimg.it\/?product=tecniche-di-pulizia-e-sanificazione#primaryimage\"},\"image\":{\"@id\":\"https:\/\/www.ampipointservizimg.it\/?product=tecniche-di-pulizia-e-sanificazione#primaryimage\"},\"thumbnailUrl\":\"https:\/\/www.ampipointservizimg.it\/wp-content\/uploads\/2022\/02\/Tecniche-di-Pulizia-e-Sanificazione.jpg\",\"datePublished\":\"2022-02-28T17:56:12+00:00\",\"dateModified\":\"2025-07-08T21:16:08+00:00\",\"breadcrumb\":{\"@id\":\"https:\/\/www.ampipointservizimg.it\/?product=tecniche-di-pulizia-e-sanificazione#breadcrumb\"},\"inLanguage\":\"it-IT\",\"potentialAction\":[{\"@type\":\"ReadAction\",\"target\":[\"https:\/\/www.ampipointservizimg.it\/?product=tecniche-di-pulizia-e-sanificazione\"]}]},{\"@type\":\"ImageObject\",\"inLanguage\":\"it-IT\",\"@id\":\"https:\/\/www.ampipointservizimg.it\/?product=tecniche-di-pulizia-e-sanificazione#primaryimage\",\"url\":\"https:\/\/www.ampipointservizimg.it\/wp-content\/uploads\/2022\/02\/Tecniche-di-Pulizia-e-Sanificazione.jpg\",\"contentUrl\":\"https:\/\/www.ampipointservizimg.it\/wp-content\/uploads\/2022\/02\/Tecniche-di-Pulizia-e-Sanificazione.jpg\",\"width\":300,\"height\":300},{\"@type\":\"BreadcrumbList\",\"@id\":\"https:\/\/www.ampipointservizimg.it\/?product=tecniche-di-pulizia-e-sanificazione#breadcrumb\",\"itemListElement\":[{\"@type\":\"ListItem\",\"position\":1,\"name\":\"Home\",\"item\":\"https:\/\/www.ampipointservizimg.it\/\"},{\"@type\":\"ListItem\",\"position\":2,\"name\":\"Shop\",\"item\":\"https:\/\/www.ampipointservizimg.it\/?page_id=91\"},{\"@type\":\"ListItem\",\"position\":3,\"name\":\"Tecniche di Pulizia e Sanificazione\"}]},{\"@type\":\"WebSite\",\"@id\":\"https:\/\/www.ampipointservizimg.it\/#website\",\"url\":\"https:\/\/www.ampipointservizimg.it\/\",\"name\":\"Ampi Point Servizi emmegi\",\"description\":\"\",\"publisher\":{\"@id\":\"https:\/\/www.ampipointservizimg.it\/#organization\"},\"potentialAction\":[{\"@type\":\"SearchAction\",\"target\":{\"@type\":\"EntryPoint\",\"urlTemplate\":\"https:\/\/www.ampipointservizimg.it\/?s={search_term_string}\"},\"query-input\":{\"@type\":\"PropertyValueSpecification\",\"valueRequired\":true,\"valueName\":\"search_term_string\"}}],\"inLanguage\":\"it-IT\"},{\"@type\":\"Organization\",\"@id\":\"https:\/\/www.ampipointservizimg.it\/#organization\",\"name\":\"Sviluppo Qualit\u00e0\",\"alternateName\":\"Sviluppo Qualit\u00e0\",\"url\":\"https:\/\/www.ampipointservizimg.it\/\",\"logo\":{\"@type\":\"ImageObject\",\"inLanguage\":\"it-IT\",\"@id\":\"https:\/\/www.ampipointservizimg.it\/#\/schema\/logo\/image\/\",\"url\":\"https:\/\/www.ampipointservizimg.it\/wp-content\/uploads\/2025\/06\/cropped-logo_con_ampi-1.png\",\"contentUrl\":\"https:\/\/www.ampipointservizimg.it\/wp-content\/uploads\/2025\/06\/cropped-logo_con_ampi-1.png\",\"width\":2269,\"height\":544,\"caption\":\"Sviluppo Qualit\u00e0\"},\"image\":{\"@id\":\"https:\/\/www.ampipointservizimg.it\/#\/schema\/logo\/image\/\"}}]}<\/script>\n<!-- \/ Yoast SEO plugin. -->","yoast_head_json":{"title":"Tecniche di Pulizia e Sanificazione - Ampi Point Servizi emmegi","robots":{"index":"index","follow":"follow","max-snippet":"max-snippet:-1","max-image-preview":"max-image-preview:large","max-video-preview":"max-video-preview:-1"},"canonical":"https:\/\/www.ampipointservizimg.it\/?product=tecniche-di-pulizia-e-sanificazione","og_locale":"it_IT","og_type":"article","og_title":"Tecniche di Pulizia e Sanificazione - Ampi Point Servizi emmegi","og_description":"\u00a0 \u00a0 Visualizza Scheda Tecnica in PDF Titolo Tecniche di Pulizia e Sanificazione A chi si rivolge Per il professionista della pulizia o sanitario, e chiunque intenda acquisire una conoscenza approfondita della pulizia professionale e della sanificazione di superfici e ambienti, con particolare attenzione alle misure precauzionali di contenimento da adottare per contrastare emergenze sanitarie come l\u2019epidemia da COVID 19. [&hellip;]","og_url":"https:\/\/www.ampipointservizimg.it\/?product=tecniche-di-pulizia-e-sanificazione","og_site_name":"Ampi Point Servizi emmegi","article_modified_time":"2025-07-08T21:16:08+00:00","og_image":[{"width":300,"height":300,"url":"https:\/\/www.ampipointservizimg.it\/wp-content\/uploads\/2022\/02\/Tecniche-di-Pulizia-e-Sanificazione.jpg","type":"image\/jpeg"}],"twitter_card":"summary_large_image","twitter_misc":{"Tempo di lettura stimato":"2 minuti"},"schema":{"@context":"https:\/\/schema.org","@graph":[{"@type":"WebPage","@id":"https:\/\/www.ampipointservizimg.it\/?product=tecniche-di-pulizia-e-sanificazione","url":"https:\/\/www.ampipointservizimg.it\/?product=tecniche-di-pulizia-e-sanificazione","name":"Tecniche di Pulizia e Sanificazione - Ampi Point Servizi emmegi","isPartOf":{"@id":"https:\/\/www.ampipointservizimg.it\/#website"},"primaryImageOfPage":{"@id":"https:\/\/www.ampipointservizimg.it\/?product=tecniche-di-pulizia-e-sanificazione#primaryimage"},"image":{"@id":"https:\/\/www.ampipointservizimg.it\/?product=tecniche-di-pulizia-e-sanificazione#primaryimage"},"thumbnailUrl":"https:\/\/www.ampipointservizimg.it\/wp-content\/uploads\/2022\/02\/Tecniche-di-Pulizia-e-Sanificazione.jpg","datePublished":"2022-02-28T17:56:12+00:00","dateModified":"2025-07-08T21:16:08+00:00","breadcrumb":{"@id":"https:\/\/www.ampipointservizimg.it\/?product=tecniche-di-pulizia-e-sanificazione#breadcrumb"},"inLanguage":"it-IT","potentialAction":[{"@type":"ReadAction","target":["https:\/\/www.ampipointservizimg.it\/?product=tecniche-di-pulizia-e-sanificazione"]}]},{"@type":"ImageObject","inLanguage":"it-IT","@id":"https:\/\/www.ampipointservizimg.it\/?product=tecniche-di-pulizia-e-sanificazione#primaryimage","url":"https:\/\/www.ampipointservizimg.it\/wp-content\/uploads\/2022\/02\/Tecniche-di-Pulizia-e-Sanificazione.jpg","contentUrl":"https:\/\/www.ampipointservizimg.it\/wp-content\/uploads\/2022\/02\/Tecniche-di-Pulizia-e-Sanificazione.jpg","width":300,"height":300},{"@type":"BreadcrumbList","@id":"https:\/\/www.ampipointservizimg.it\/?product=tecniche-di-pulizia-e-sanificazione#breadcrumb","itemListElement":[{"@type":"ListItem","position":1,"name":"Home","item":"https:\/\/www.ampipointservizimg.it\/"},{"@type":"ListItem","position":2,"name":"Shop","item":"https:\/\/www.ampipointservizimg.it\/?page_id=91"},{"@type":"ListItem","position":3,"name":"Tecniche di Pulizia e Sanificazione"}]},{"@type":"WebSite","@id":"https:\/\/www.ampipointservizimg.it\/#website","url":"https:\/\/www.ampipointservizimg.it\/","name":"Ampi Point Servizi emmegi","description":"","publisher":{"@id":"https:\/\/www.ampipointservizimg.it\/#organization"},"potentialAction":[{"@type":"SearchAction","target":{"@type":"EntryPoint","urlTemplate":"https:\/\/www.ampipointservizimg.it\/?s={search_term_string}"},"query-input":{"@type":"PropertyValueSpecification","valueRequired":true,"valueName":"search_term_string"}}],"inLanguage":"it-IT"},{"@type":"Organization","@id":"https:\/\/www.ampipointservizimg.it\/#organization","name":"Sviluppo Qualit\u00e0","alternateName":"Sviluppo Qualit\u00e0","url":"https:\/\/www.ampipointservizimg.it\/","logo":{"@type":"ImageObject","inLanguage":"it-IT","@id":"https:\/\/www.ampipointservizimg.it\/#\/schema\/logo\/image\/","url":"https:\/\/www.ampipointservizimg.it\/wp-content\/uploads\/2025\/06\/cropped-logo_con_ampi-1.png","contentUrl":"https:\/\/www.ampipointservizimg.it\/wp-content\/uploads\/2025\/06\/cropped-logo_con_ampi-1.png","width":2269,"height":544,"caption":"Sviluppo Qualit\u00e0"},"image":{"@id":"https:\/\/www.ampipointservizimg.it\/#\/schema\/logo\/image\/"}}]}},"_links":{"self":[{"href":"https:\/\/www.ampipointservizimg.it\/index.php?rest_route=\/wp\/v2\/product\/464","targetHints":{"allow":["GET"]}}],"collection":[{"href":"https:\/\/www.ampipointservizimg.it\/index.php?rest_route=\/wp\/v2\/product"}],"about":[{"href":"https:\/\/www.ampipointservizimg.it\/index.php?rest_route=\/wp\/v2\/types\/product"}],"wp:featuredmedia":[{"embeddable":true,"href":"https:\/\/www.ampipointservizimg.it\/index.php?rest_route=\/wp\/v2\/media\/463"}],"wp:attachment":[{"href":"https:\/\/www.ampipointservizimg.it\/index.php?rest_route=%2Fwp%2Fv2%2Fmedia&parent=464"}],"wp:term":[{"taxonomy":"product_brand","embeddable":true,"href":"https:\/\/www.ampipointservizimg.it\/index.php?rest_route=%2Fwp%2Fv2%2Fproduct_brand&post=464"},{"taxonomy":"product_cat","embeddable":true,"href":"https:\/\/www.ampipointservizimg.it\/index.php?rest_route=%2Fwp%2Fv2%2Fproduct_cat&post=464"},{"taxonomy":"product_tag","embeddable":true,"href":"https:\/\/www.ampipointservizimg.it\/index.php?rest_route=%2Fwp%2Fv2%2Fproduct_tag&post=464"}],"curies":[{"name":"wp","href":"https:\/\/api.w.org\/{rel}","templated":true}]}}