{"id":640,"date":"2022-03-03T17:41:20","date_gmt":"2022-03-03T16:41:20","guid":{"rendered":"https:\/\/new.sviluppoqualita.it\/prodotto\/esperto-231\/"},"modified":"2025-07-08T23:16:05","modified_gmt":"2025-07-08T21:16:05","slug":"esperto-231","status":"publish","type":"product","link":"https:\/\/www.ampipointservizimg.it\/?product=esperto-231","title":{"rendered":"Esperto 231"},"content":{"rendered":"<table style=\"padding-left: 4pt; text-indent: 0pt; text-align: left; font-size: 20px;\" cellspacing=\"0\">\n<tbody>\n<tr>\n<td width=\"253\">Titolo<\/td>\n<td width=\"1252\">Esperto 231\/01<\/td>\n<\/tr>\n<tr>\n<td>Destinatari<\/td>\n<td>Il corso \u00e8 rivolto a professionisti interessati all\u2019acquisizione di competenze in merito alla realizzazione, gestione e verifica di un Modello di Organizzazione e Gestione ai sensi del D.Lgs. n. 231\/2001 e s.m.i., nonch\u00e9 a tutti coloro che, essendo gi\u00e0 esperti in materia e quindi gi\u00e0 attivi in ambito di gestione, consulenza ed auditing di modelli di organizzazione, gestione e controllo ai sensi del D.Lgs. n. 231\/01, intendano acquisire maggiori conoscenze e competenze.<\/p>\n<p>I destinatari del corso sono, nello specifico:<\/p>\n<p>&#8211; Professionisti gi\u00e0 componenti degli Organismi di Vigilanza di cui all\u2019art. 6 del D.Lgs. n. 231\/2001 o che ambiscono a ricoprire tale ruolo;<\/p>\n<p>&#8211; Direttori e Responsabili di funzioni aziendali inclusa la qualit\u00e0 aziendale e\/o l\u2019audit interno;<\/p>\n<p>&#8211; Consulenti aziendali;<\/p>\n<p>&#8211; Auditor degli organismi di certificazione;<\/p>\n<p>&#8211; Dirigenti e Funzionari della Pubblica Amministrazione che gestiscono appalti, accreditamenti e convenzioni.<\/td>\n<\/tr>\n<tr>\n<td>Obiettivi e finalit\u00e0<\/td>\n<td>Formare i destinatari del corso riguardo la progettazione, implementazione e audit di un Modello di Organizzazione, Gestione e Controllo idoneo ed efficace, anche con l\u2019ausilio di casi pratici, nonch\u00e9 nell\u2019individuazione e valutazione dei rischi relativi alla commissione dei reati con conseguente redazione di un efficace sistema di controllo interno atto a rendere accettabile il livello di rischio.<br \/>\nMostrare dal punto di vista teorico e pratico le tecniche di audit e le modalit\u00e0 di vigilanza che devono essere attuate sul Modello per garantirne l\u2019efficacia.<\/td>\n<\/tr>\n<tr>\n<td>Normativa di riferimento<\/td>\n<td>&#8211; D.Lgs. n. 231\/2001 e s.m.i.<\/td>\n<\/tr>\n<tr>\n<td>Requisiti di ammissione<\/td>\n<td>Diploma di scuola secondaria superiore e conoscenza di base del decreto.<\/td>\n<\/tr>\n<tr>\n<td>Durata<\/td>\n<td>Il corso ha una durata di 24 ore erogabile completamente in modalit\u00e0 e-learning (L.M.S.) Learning Management System, in grado di monitorare e di certificare lo svolgimento, la tracciabilit\u00e0 e il completamento delle attivit\u00e0 didattiche di ciascun utente.<\/td>\n<\/tr>\n<tr>\n<td>Programma<\/td>\n<td>MODULO 1 \u2013 Evoluzione Normativa e Ambito di Applicazione \u2013 (durata 8 ore)<\/p>\n<p>&#8211; Evoluzione Normativa 231\/01:<\/p>\n<p>\u203a Disciplina Normativa Ante D.Lgs. n. 231\/2001;<\/p>\n<p>\u203a Disciplina Normativa Post D.Lgs. n. 231\/2001.<\/p>\n<p>&#8211; Elementi descriventi della Normativa:<\/p>\n<p>\u203a Interesse vantaggio;<\/p>\n<p>\u203a Rapporto funzionale;<\/p>\n<p>\u203a Attuazione reato presupposto.<\/p>\n<p>&#8211; Soggetti apicali (Commissione reato).<\/p>\n<p>&#8211; Soggetti sottoposti (Commissione reato).<\/p>\n<p>&#8211; Ambito di applicazione normativa:<\/p>\n<p>\u203a Imprese individuali (Focus);<\/p>\n<p>\u203a Imprese collettive (Focus);<\/p>\n<p>\u203a Casi di esclusione.<\/p>\n<p>&#8211; Ambito di Applicazione:<\/p>\n<p>\u203a Principio di Legalit\u00e0;<\/p>\n<p>\u203a Successione Leggi nel tempo;<\/p>\n<p>\u203a Reati commessi all\u2019estero;<\/p>\n<p>\u203a Reati commessi da Organizzazioni straniere sul territorio Italiano;<\/p>\n<p>\u203a La realt\u00e0 dei gruppi.<\/p>\n<p>&#8211; Obbligatoriet\u00e0 del Modello.<\/p>\n<p>&#8211; Test di verifica intermedio.<\/p>\n<p>&nbsp;<\/p>\n<p>MODULO 2 \u2013 Vigilanza e Sanzioni (durata 8 ore)<\/p>\n<p>&#8211; Sanzioni:<\/p>\n<p>\u203a Sanzione pecuniaria;<\/p>\n<p>\u203a Sanzione interdittiva;<\/p>\n<p>\u203a Pubblicazione;<\/p>\n<p>\u203a Confisca;<\/p>\n<p>\u203a Esimente.<\/p>\n<p>&#8211; Prescrizione.<\/p>\n<p>&#8211; Cosa non \u00e8 un modello organizzativo.<\/p>\n<p>&#8211; Realizzare un sistema di gestione in stile \u201cISO\u201d:<\/p>\n<p>\u203a ISO 31000 (risk management);<\/p>\n<p>\u203a Integrabilit\u00e0 con ISO 9001, ISO 14001\/EMAS, OHSAS 18001, SA 8000, etc.<\/p>\n<p>&#8211; Sistema disciplinare:<\/p>\n<p>\u203a Costruzione;<\/p>\n<p>\u203a Applicazione.<\/p>\n<p>&#8211; Codice Etico:<\/p>\n<p>\u203a Cos\u2019\u00e8;<\/p>\n<p>\u203a Principi;<\/p>\n<p>\u203a Attuazione principi;<\/p>\n<p>\u203a Aggiornamento.<\/p>\n<p>&#8211; OdV (Organo di Vigilanza):<\/p>\n<p>\u203a Composizione;<\/p>\n<p>\u203a Attivit\u00e0 e poteri;<\/p>\n<p>\u203a Spunti metodologici;<\/p>\n<p>\u203a Flussi informativi;<\/p>\n<p>\u203a Profili penali \/ civili;<\/p>\n<p>\u203a Tutela componenti OdV;<\/p>\n<p>\u203a Collegio sindacale vs OdV;<\/p>\n<p>\u203a Funzionamento attivit\u00e0 OdV.<\/p>\n<p>&#8211; Test di verifica intermedio.<\/p>\n<p>&nbsp;<\/p>\n<p>MODULO 3 \u2013 Audit e Fasi di realizzazione del Modello (durata 8 ore)<\/p>\n<p>&#8211; Audit:<\/p>\n<p>\u203a Caratteristiche professionali;<\/p>\n<p>\u203a Audit e OdV.<\/p>\n<p>&#8211; Fasi di realizzazione del modello.<\/p>\n<p>&#8211; Parte generale.<\/p>\n<p>&#8211; Parte speciale.<\/p>\n<p>&#8211; Formazione personale.<\/p>\n<p>&#8211; Reati presupposti:<\/p>\n<p>\u203a Autoriciclaggio;<\/p>\n<p>\u203a Reati ambientali;<\/p>\n<p>\u203a Reati contro la P.A.;<\/p>\n<p>\u203a Salute e sicurezza del lavoro;<\/p>\n<p>\u203a Reati informatici;<\/p>\n<p>\u203a Omicidio colposo;<\/p>\n<p>\u203a Lesioni personali colpose.<\/p>\n<p>&#8211; Esercitazione.<\/p>\n<p>&#8211; Test di verifica intermedio.<\/td>\n<\/tr>\n<tr>\n<td>Valutazione<\/td>\n<td>La valutazione finale verr\u00e0 effettuata mediante una verifica di apprendimento finale (esame finale).<\/td>\n<\/tr>\n<tr>\n<td>Attestato formativo rilasciato<\/td>\n<td>Attestato di frequenza del corso di \u201cEsperto 231\/01\u201d rilasciato dall\u2019A.I.S.F.<\/td>\n<\/tr>\n<\/tbody>\n<\/table>\n","protected":false},"excerpt":{"rendered":"<p>I destinatari del corso verranno formati sulla progettazione, l\u2019implementazione e l\u2019audit \u00a0del modello organizzativo 231, sulla sua gestione e sul controllo idoneo ed efficace, anche con ausilio di casi pratici.<\/p>\n","protected":false},"featured_media":474,"template":"","meta":[],"product_brand":[],"product_cat":[917,734],"product_tag":[75,85],"class_list":{"0":"post-640","1":"product","2":"type-product","3":"status-publish","4":"has-post-thumbnail","6":"product_cat-corsi-fad","7":"product_cat-corsi-professionali","8":"product_tag-corsi-qualificati-aisf","9":"product_tag-corso-24-ore","11":"first","12":"instock","13":"taxable","14":"shipping-taxable","15":"purchasable","16":"product-type-simple"},"yoast_head":"<!-- This site is optimized with the Yoast SEO plugin v25.4 - https:\/\/yoast.com\/wordpress\/plugins\/seo\/ -->\n<title>Esperto 231 - Ampi Point Servizi emmegi<\/title>\n<meta name=\"robots\" content=\"index, follow, max-snippet:-1, max-image-preview:large, max-video-preview:-1\" \/>\n<link rel=\"canonical\" href=\"https:\/\/www.ampipointservizimg.it\/?product=esperto-231\" \/>\n<meta property=\"og:locale\" content=\"it_IT\" \/>\n<meta property=\"og:type\" content=\"article\" \/>\n<meta property=\"og:title\" content=\"Esperto 231 - Ampi Point Servizi emmegi\" \/>\n<meta property=\"og:description\" content=\"I destinatari del corso verranno formati sulla progettazione, l\u2019implementazione e l\u2019audit \u00a0del modello organizzativo 231, sulla sua gestione e sul controllo idoneo ed efficace, anche con ausilio di casi pratici.\" \/>\n<meta property=\"og:url\" content=\"https:\/\/www.ampipointservizimg.it\/?product=esperto-231\" \/>\n<meta property=\"og:site_name\" content=\"Ampi Point Servizi emmegi\" \/>\n<meta property=\"article:modified_time\" content=\"2025-07-08T21:16:05+00:00\" \/>\n<meta property=\"og:image\" content=\"https:\/\/www.ampipointservizimg.it\/wp-content\/uploads\/2022\/02\/Esperto-231_icon.jpg\" \/>\n\t<meta property=\"og:image:width\" content=\"300\" \/>\n\t<meta property=\"og:image:height\" content=\"300\" \/>\n\t<meta property=\"og:image:type\" content=\"image\/jpeg\" \/>\n<meta name=\"twitter:card\" content=\"summary_large_image\" \/>\n<meta name=\"twitter:label1\" content=\"Tempo di lettura stimato\" \/>\n\t<meta name=\"twitter:data1\" content=\"3 minuti\" \/>\n<script type=\"application\/ld+json\" class=\"yoast-schema-graph\">{\"@context\":\"https:\/\/schema.org\",\"@graph\":[{\"@type\":\"WebPage\",\"@id\":\"https:\/\/www.ampipointservizimg.it\/?product=esperto-231\",\"url\":\"https:\/\/www.ampipointservizimg.it\/?product=esperto-231\",\"name\":\"Esperto 231 - Ampi Point Servizi emmegi\",\"isPartOf\":{\"@id\":\"https:\/\/www.ampipointservizimg.it\/#website\"},\"primaryImageOfPage\":{\"@id\":\"https:\/\/www.ampipointservizimg.it\/?product=esperto-231#primaryimage\"},\"image\":{\"@id\":\"https:\/\/www.ampipointservizimg.it\/?product=esperto-231#primaryimage\"},\"thumbnailUrl\":\"https:\/\/www.ampipointservizimg.it\/wp-content\/uploads\/2022\/02\/Esperto-231_icon.jpg\",\"datePublished\":\"2022-03-03T16:41:20+00:00\",\"dateModified\":\"2025-07-08T21:16:05+00:00\",\"breadcrumb\":{\"@id\":\"https:\/\/www.ampipointservizimg.it\/?product=esperto-231#breadcrumb\"},\"inLanguage\":\"it-IT\",\"potentialAction\":[{\"@type\":\"ReadAction\",\"target\":[\"https:\/\/www.ampipointservizimg.it\/?product=esperto-231\"]}]},{\"@type\":\"ImageObject\",\"inLanguage\":\"it-IT\",\"@id\":\"https:\/\/www.ampipointservizimg.it\/?product=esperto-231#primaryimage\",\"url\":\"https:\/\/www.ampipointservizimg.it\/wp-content\/uploads\/2022\/02\/Esperto-231_icon.jpg\",\"contentUrl\":\"https:\/\/www.ampipointservizimg.it\/wp-content\/uploads\/2022\/02\/Esperto-231_icon.jpg\",\"width\":300,\"height\":300},{\"@type\":\"BreadcrumbList\",\"@id\":\"https:\/\/www.ampipointservizimg.it\/?product=esperto-231#breadcrumb\",\"itemListElement\":[{\"@type\":\"ListItem\",\"position\":1,\"name\":\"Home\",\"item\":\"https:\/\/www.ampipointservizimg.it\/\"},{\"@type\":\"ListItem\",\"position\":2,\"name\":\"Shop\",\"item\":\"https:\/\/www.ampipointservizimg.it\/?page_id=91\"},{\"@type\":\"ListItem\",\"position\":3,\"name\":\"Esperto 231\"}]},{\"@type\":\"WebSite\",\"@id\":\"https:\/\/www.ampipointservizimg.it\/#website\",\"url\":\"https:\/\/www.ampipointservizimg.it\/\",\"name\":\"Ampi Point Servizi emmegi\",\"description\":\"\",\"publisher\":{\"@id\":\"https:\/\/www.ampipointservizimg.it\/#organization\"},\"potentialAction\":[{\"@type\":\"SearchAction\",\"target\":{\"@type\":\"EntryPoint\",\"urlTemplate\":\"https:\/\/www.ampipointservizimg.it\/?s={search_term_string}\"},\"query-input\":{\"@type\":\"PropertyValueSpecification\",\"valueRequired\":true,\"valueName\":\"search_term_string\"}}],\"inLanguage\":\"it-IT\"},{\"@type\":\"Organization\",\"@id\":\"https:\/\/www.ampipointservizimg.it\/#organization\",\"name\":\"Sviluppo Qualit\u00e0\",\"alternateName\":\"Sviluppo Qualit\u00e0\",\"url\":\"https:\/\/www.ampipointservizimg.it\/\",\"logo\":{\"@type\":\"ImageObject\",\"inLanguage\":\"it-IT\",\"@id\":\"https:\/\/www.ampipointservizimg.it\/#\/schema\/logo\/image\/\",\"url\":\"https:\/\/www.ampipointservizimg.it\/wp-content\/uploads\/2025\/06\/cropped-logo_con_ampi-1.png\",\"contentUrl\":\"https:\/\/www.ampipointservizimg.it\/wp-content\/uploads\/2025\/06\/cropped-logo_con_ampi-1.png\",\"width\":2269,\"height\":544,\"caption\":\"Sviluppo Qualit\u00e0\"},\"image\":{\"@id\":\"https:\/\/www.ampipointservizimg.it\/#\/schema\/logo\/image\/\"}}]}<\/script>\n<!-- \/ Yoast SEO plugin. -->","yoast_head_json":{"title":"Esperto 231 - Ampi Point Servizi emmegi","robots":{"index":"index","follow":"follow","max-snippet":"max-snippet:-1","max-image-preview":"max-image-preview:large","max-video-preview":"max-video-preview:-1"},"canonical":"https:\/\/www.ampipointservizimg.it\/?product=esperto-231","og_locale":"it_IT","og_type":"article","og_title":"Esperto 231 - Ampi Point Servizi emmegi","og_description":"I destinatari del corso verranno formati sulla progettazione, l\u2019implementazione e l\u2019audit \u00a0del modello organizzativo 231, sulla sua gestione e sul controllo idoneo ed efficace, anche con ausilio di casi pratici.","og_url":"https:\/\/www.ampipointservizimg.it\/?product=esperto-231","og_site_name":"Ampi Point Servizi emmegi","article_modified_time":"2025-07-08T21:16:05+00:00","og_image":[{"width":300,"height":300,"url":"https:\/\/www.ampipointservizimg.it\/wp-content\/uploads\/2022\/02\/Esperto-231_icon.jpg","type":"image\/jpeg"}],"twitter_card":"summary_large_image","twitter_misc":{"Tempo di lettura stimato":"3 minuti"},"schema":{"@context":"https:\/\/schema.org","@graph":[{"@type":"WebPage","@id":"https:\/\/www.ampipointservizimg.it\/?product=esperto-231","url":"https:\/\/www.ampipointservizimg.it\/?product=esperto-231","name":"Esperto 231 - Ampi Point Servizi emmegi","isPartOf":{"@id":"https:\/\/www.ampipointservizimg.it\/#website"},"primaryImageOfPage":{"@id":"https:\/\/www.ampipointservizimg.it\/?product=esperto-231#primaryimage"},"image":{"@id":"https:\/\/www.ampipointservizimg.it\/?product=esperto-231#primaryimage"},"thumbnailUrl":"https:\/\/www.ampipointservizimg.it\/wp-content\/uploads\/2022\/02\/Esperto-231_icon.jpg","datePublished":"2022-03-03T16:41:20+00:00","dateModified":"2025-07-08T21:16:05+00:00","breadcrumb":{"@id":"https:\/\/www.ampipointservizimg.it\/?product=esperto-231#breadcrumb"},"inLanguage":"it-IT","potentialAction":[{"@type":"ReadAction","target":["https:\/\/www.ampipointservizimg.it\/?product=esperto-231"]}]},{"@type":"ImageObject","inLanguage":"it-IT","@id":"https:\/\/www.ampipointservizimg.it\/?product=esperto-231#primaryimage","url":"https:\/\/www.ampipointservizimg.it\/wp-content\/uploads\/2022\/02\/Esperto-231_icon.jpg","contentUrl":"https:\/\/www.ampipointservizimg.it\/wp-content\/uploads\/2022\/02\/Esperto-231_icon.jpg","width":300,"height":300},{"@type":"BreadcrumbList","@id":"https:\/\/www.ampipointservizimg.it\/?product=esperto-231#breadcrumb","itemListElement":[{"@type":"ListItem","position":1,"name":"Home","item":"https:\/\/www.ampipointservizimg.it\/"},{"@type":"ListItem","position":2,"name":"Shop","item":"https:\/\/www.ampipointservizimg.it\/?page_id=91"},{"@type":"ListItem","position":3,"name":"Esperto 231"}]},{"@type":"WebSite","@id":"https:\/\/www.ampipointservizimg.it\/#website","url":"https:\/\/www.ampipointservizimg.it\/","name":"Ampi Point Servizi emmegi","description":"","publisher":{"@id":"https:\/\/www.ampipointservizimg.it\/#organization"},"potentialAction":[{"@type":"SearchAction","target":{"@type":"EntryPoint","urlTemplate":"https:\/\/www.ampipointservizimg.it\/?s={search_term_string}"},"query-input":{"@type":"PropertyValueSpecification","valueRequired":true,"valueName":"search_term_string"}}],"inLanguage":"it-IT"},{"@type":"Organization","@id":"https:\/\/www.ampipointservizimg.it\/#organization","name":"Sviluppo Qualit\u00e0","alternateName":"Sviluppo Qualit\u00e0","url":"https:\/\/www.ampipointservizimg.it\/","logo":{"@type":"ImageObject","inLanguage":"it-IT","@id":"https:\/\/www.ampipointservizimg.it\/#\/schema\/logo\/image\/","url":"https:\/\/www.ampipointservizimg.it\/wp-content\/uploads\/2025\/06\/cropped-logo_con_ampi-1.png","contentUrl":"https:\/\/www.ampipointservizimg.it\/wp-content\/uploads\/2025\/06\/cropped-logo_con_ampi-1.png","width":2269,"height":544,"caption":"Sviluppo Qualit\u00e0"},"image":{"@id":"https:\/\/www.ampipointservizimg.it\/#\/schema\/logo\/image\/"}}]}},"_links":{"self":[{"href":"https:\/\/www.ampipointservizimg.it\/index.php?rest_route=\/wp\/v2\/product\/640","targetHints":{"allow":["GET"]}}],"collection":[{"href":"https:\/\/www.ampipointservizimg.it\/index.php?rest_route=\/wp\/v2\/product"}],"about":[{"href":"https:\/\/www.ampipointservizimg.it\/index.php?rest_route=\/wp\/v2\/types\/product"}],"wp:featuredmedia":[{"embeddable":true,"href":"https:\/\/www.ampipointservizimg.it\/index.php?rest_route=\/wp\/v2\/media\/474"}],"wp:attachment":[{"href":"https:\/\/www.ampipointservizimg.it\/index.php?rest_route=%2Fwp%2Fv2%2Fmedia&parent=640"}],"wp:term":[{"taxonomy":"product_brand","embeddable":true,"href":"https:\/\/www.ampipointservizimg.it\/index.php?rest_route=%2Fwp%2Fv2%2Fproduct_brand&post=640"},{"taxonomy":"product_cat","embeddable":true,"href":"https:\/\/www.ampipointservizimg.it\/index.php?rest_route=%2Fwp%2Fv2%2Fproduct_cat&post=640"},{"taxonomy":"product_tag","embeddable":true,"href":"https:\/\/www.ampipointservizimg.it\/index.php?rest_route=%2Fwp%2Fv2%2Fproduct_tag&post=640"}],"curies":[{"name":"wp","href":"https:\/\/api.w.org\/{rel}","templated":true}]}}