{"id":652,"date":"2022-03-03T17:44:30","date_gmt":"2022-03-03T16:44:30","guid":{"rendered":"https:\/\/new.sviluppoqualita.it\/prodotto\/rac\/"},"modified":"2025-07-08T23:16:05","modified_gmt":"2025-07-08T21:16:05","slug":"rac","status":"publish","type":"product","link":"https:\/\/www.ampipointservizimg.it\/?product=rac","title":{"rendered":"Agente e rappresentante di commercio &#8211; RAC"},"content":{"rendered":"<table class=\"tabella-scheda-tecnica-networkgtc\" style=\"width: 85.5531%; height: 1457px;\">\n<tbody>\n<tr style=\"height: 61px;\">\n<td style=\"width: 21.3139%; border-width: 1pt; border-style: solid; height: 61px;\">\n<p class=\"s1\" style=\"padding-top: 6pt; padding-left: 17pt; padding-right: 20pt; text-indent: 0pt; text-align: center;\">Titolo<\/p>\n<\/td>\n<td style=\"width: 120.519%; border-width: 1pt; border-style: solid; height: 61px; text-align: left;\">\u00a0 <strong>R<span style=\"font-size: 14pt;\">appresentante e a<\/span><span style=\"font-size: 14pt;\">gente di commercio (RAC)<\/span><\/strong><\/td>\n<\/tr>\n<tr style=\"height: 178px;\">\n<td style=\"width: 21.3139%; border-width: 1pt; border-style: solid; height: 178px; text-align: center;\">Destinatari<\/td>\n<td style=\"width: 120.519%; border-width: 1pt; border-style: solid; height: 178px;\">\n<p class=\"s3\" style=\"padding-top: 3pt; padding-left: 10pt; padding-right: 8pt; text-indent: 0pt; line-height: 113%; text-align: justify;\">Il corso \u00e8 destinato a tutti coloro che vogliono intraprendere la carriera di rappresentante e agente di commercio.<\/p>\n<p class=\"s3\" style=\"padding-top: 3pt; padding-left: 10pt; padding-right: 8pt; text-indent: 0pt; line-height: 113%; text-align: justify;\">Gli <b>Agenti e Rappresentanti di Commercio <\/b>sono coloro che si occupano di rappresentare le aziende produttrici, di collocare i prodotti sul mercato e di intrattenne rapporti commerciali sia con le case produttrici sia con i clienti. Tale professione \u00e8 regolata dalla Legge 204 del 1985, modificata poi dal D.Lgs. n. 59 del 2010, che pur abolendo il Ruolo degli Agenti e Rappresentanti di Commercio, ne conferma il possesso dei requisiti professionali e morali.<\/p>\n<\/td>\n<\/tr>\n<tr style=\"height: 266px;\">\n<td style=\"width: 21.3139%; border-width: 1pt; border-style: solid; height: 334px;\">\n<p class=\"s1\" style=\"padding-left: 26pt; padding-right: 29pt; text-indent: 0pt; text-align: center;\">Obiettivi e Finalit\u00e0<\/p>\n<\/td>\n<td style=\"width: 120.519%; border-width: 1pt; border-style: solid; height: 334px;\">\n<p class=\"s3\" style=\"padding-top: 3pt; padding-left: 10pt; padding-right: 8pt; text-indent: 0pt; line-height: 114%; text-align: justify;\">Il corso si propone di fornire i principi generali al fine di formare la figura professionale dell&#8217;Agente e rappresentante di Commercio. A fine corso il discente sar\u00e0 in possesso delle seguenti capacit\u00e0 e competenze:<\/p>\n<ul>\n<li>tecniche di vendita;<\/li>\n<li>contrattualistica specifico del settore;<\/li>\n<li>disciplina fiscale in materia.<\/li>\n<\/ul>\n<p class=\"s3\" style=\"padding-top: 5pt; padding-left: 10pt; padding-right: 9pt; text-indent: 0pt; line-height: 114%; text-align: justify;\">La figura professionale ha conoscenza delle tendenze di mercato tali da intervenire sulle promozioni di vendita di un prodotto\/servizio. Svolge attivit\u00e0 di intermediazione commerciale tra imprese di produzione e quelle di distribuzione. La competenza sviluppata consente di definire il rapporto con il cliente ricevendone gli ordini e riscuotendone i crediti.<\/p>\n<p class=\"s3\" style=\"padding-top: 5pt; padding-left: 10pt; padding-right: 9pt; text-indent: 0pt; line-height: 114%; text-align: justify;\">L&#8217;agente e rappresentante di commercio conclude effettivamente i contratti da lui promossi con i potenziali clienti poich\u00e9, in qualit\u00e0 di rappresentante, ha potere di firma in nome e per conto terzi (la societ\u00e0 per cui lavora).<\/p>\n<\/td>\n<\/tr>\n<tr style=\"height: 268px;\">\n<td style=\"width: 21.3139%; border-width: 1pt; border-style: solid; text-align: center; height: 246px;\">Normativa di riferimento<\/td>\n<td style=\"width: 120.519%; border-width: 1pt; border-style: solid; height: 246px;\">\n<ul>\n<li>L.n\u00b0 316 del 12-03-68 istitutiva del ruolo per gli agenti e rappresentanti (G.U. del 08\/04\/1968);<\/li>\n<li>Legge Quadro in materia di formazione professionale 21 dicembre 1978, n.845;<\/li>\n<li>Abilitazione ai sensi della L. n. 204\/1985, degli artt. 74 e 80 del D.Lgs. n. 59\/2010 e s.m.i.;<\/li>\n<li>Legge Regionale 28 marzo 1987, n.19 \u201cRiconoscimento dei corsi di formazione professionale autofinanziati\u201d;<\/li>\n<li>Deliberazione di G.R. n.45 del 21\/01\/2005 \u201cL.R.19\/87 \u2013 Riconoscimento dei corsi di formazione professionale autofinanziati;<\/li>\n<li>D. Lgs. n\u00b0 65 del 15-02-1999 Adeguamento della disciplina relativa agli agenti commerciali indipendenti, in ulteriore attuazione della direttiva 86\/653\/CEE del Consiglio del 18 dicembre 1986.<\/li>\n<\/ul>\n<\/td>\n<\/tr>\n<tr style=\"height: 60px;\">\n<td style=\"width: 21.3139%; border-width: 1pt; border-style: solid; text-align: center; height: 60px;\">Requisiti di ammissione<\/td>\n<td style=\"width: 120.519%; border-width: 1pt; border-style: solid; height: 60px;\">\n<p class=\"s3\" style=\"padding-top: 5pt; padding-left: 10pt; text-indent: 0pt; text-align: left;\">Diploma di scuola media superiore. Per il titolo di studio conseguito all&#8217;estero sar\u00e0 richiesta la traduzione asseverata del certificato di frequenza e la dichiarazione di valore rilasciata dalla rappresentanza diplomatico-consolare italiana nel paese al cui ordinamento appartiene la scuola che ha rilasciato il titolo. Essere in regola con le normative vigenti in materia di permesso di soggiorno (extracomunitari).<\/p>\n<\/td>\n<\/tr>\n<tr style=\"height: 79px;\">\n<td style=\"width: 21.3139%; border-width: 1pt; border-style: solid; text-align: center; height: 65px;\">Durata e modalit\u00e0<\/td>\n<td style=\"width: 120.519%; border-width: 1pt; border-style: solid; height: 65px;\">\n<p class=\"s5\" style=\"padding-left: 10pt; text-indent: 0pt; line-height: 13pt; text-align: left;\">Il corso si svolger\u00e0 nella modalit\u00e0 Blended (FAD+AULA) per una durata totale di 80 ore.<\/p>\n<\/td>\n<\/tr>\n<tr style=\"height: 44px;\">\n<td style=\"width: 21.3139%; border-width: 1pt; border-style: solid; height: 238px; text-align: center;\" rowspan=\"2\">Programma del corso<\/td>\n<td style=\"width: 120.519%; border-width: 1pt; border-style: solid; height: 44px; text-align: center;\">DISCIPLINE E CONTENUTI<\/td>\n<\/tr>\n<tr style=\"height: 148px;\">\n<td style=\"width: 120.519%; border-width: 1pt; border-style: solid; height: 194px;\">\n<ul>\n<li>Nozioni di diritto civile e commerciale: i contratti di compravendita<\/li>\n<li>Nozioni di diritto tributario relativo alle transazioni commerciali<\/li>\n<li>Disciplina legislativa e contrattuale dell\u2019attivit\u00e0 di agente e rappresentante di commercio e etica professionale<\/li>\n<li>Modalit\u00e0 di gestione portfolio clienti<\/li>\n<li>Elementi di contabilit\u00e0<\/li>\n<li>Elementi di merceologia<\/li>\n<li>Tipologie, segmentazioni e dinamiche di mercato e dei canali di distribuzione del prodotto<\/li>\n<li>Modelli di customer care and satisfaction e tecniche di fidelizzazione cliente<\/li>\n<li>Metodi e tecniche di analisi del mercato<\/li>\n<li>Tecniche di comunicazione efficace<\/li>\n<li>Tecniche di negoziazione, trattativa commerciale e problem solving<\/li>\n<li>Principi di organizzazione aziendale: processi, ruoli e funzioni<\/li>\n<li>Tipologie e procedure di finanziamento<\/li>\n<li>Modalit\u00e0 di pagamento (contante, mezzi elettronici, titoli di credito, ecc.)<\/li>\n<li>Adempimenti fiscali relativi all&#8217;intermediazione commerciale<\/li>\n<li>Normativa sulla privacy e la tutela dei dati personali<\/li>\n<li>Lingua inglese tecnica.<\/li>\n<\/ul>\n<\/td>\n<\/tr>\n<tr style=\"height: 56px;\">\n<td style=\"width: 21.3139%; border-width: 1pt; border-style: solid; height: 56px;\">\n<p class=\"s1\" style=\"padding-left: 17pt; padding-right: 20pt; text-indent: 0pt; text-align: center;\">Valutazione<\/p>\n<\/td>\n<td style=\"width: 120.519%; border-width: 1pt; border-style: solid; height: 56px;\">\n<p class=\"s3\" style=\"padding-top: 8pt; padding-left: 10pt; padding-right: 3pt; text-indent: 0pt; line-height: 13pt; text-align: left;\">La valutazione verr\u00e0 effettuata mediante una verifica di apprendimento in aula (esame finale).<\/p>\n<\/td>\n<\/tr>\n<tr style=\"height: 134px;\">\n<td style=\"width: 21.3139%; border-width: 1pt; border-style: solid; text-align: center; height: 103px;\">Attestato Formativo Rilasciato<\/td>\n<td style=\"width: 120.519%; border-width: 1pt; border-style: solid; height: 103px;\">\n<p class=\"s3\" style=\"padding-left: 10pt; padding-right: 9pt; text-indent: 0pt; text-align: justify;\">Attestato di formazione con valore abilitante all&#8221;Agente e rappresentante di commercio&#8221; ai sensi della L.845\/78, ed obbligatorio per la segnalazione certificata di inizio attivit\u00e0 (SCIA) da presentare al Registro delle Imprese presso le Camere di commercio.<\/p>\n<\/td>\n<\/tr>\n<tr style=\"height: 60px;\">\n<td style=\"width: 21.3139%; border-width: 1pt; border-style: solid; height: 60px;\">\n<p class=\"s1\" style=\"padding-top: 5pt; padding-left: 17pt; padding-right: 20pt; text-indent: 0pt; text-align: center;\">Docenza<\/p>\n<\/td>\n<td style=\"width: 120.519%; border-width: 1pt; border-style: solid; height: 60px;\">\n<p class=\"s3\" style=\"padding-top: 8pt; padding-left: 10pt; text-indent: 0pt; line-height: 13pt; text-align: left;\">Formatori qualificati con esperienza professionale specifica nell\u2019aria tematica oggetto della docenza.<\/p>\n<\/td>\n<\/tr>\n<tr style=\"height: 56px;\">\n<td style=\"width: 21.3139%; border-width: 1pt; border-style: solid; height: 56px;\">\n<p class=\"s1\" style=\"padding-top: 2pt; padding-left: 17pt; padding-right: 20pt; text-indent: 0pt; text-align: center;\">Sede<\/p>\n<\/td>\n<td style=\"width: 120.519%; border-width: 1pt; border-style: solid; height: 56px;\">\n<p class=\"s3\" style=\"padding-left: 10pt; text-indent: 0pt; line-height: 13pt; text-align: left;\">Saranno utilizzate strutture e aule idonee per l\u2019erogazione del corso.<\/p>\n<\/td>\n<\/tr>\n<\/tbody>\n<\/table>\n","protected":false},"excerpt":{"rendered":"<p>RAC &#8211; Agente e rappresentante di commercio (L.204\/85 ART.5 E S.M.I.)<\/p>\n","protected":false},"featured_media":651,"template":"","meta":[],"product_brand":[],"product_cat":[126,915,916],"product_tag":[411,97],"class_list":{"0":"post-652","1":"product","2":"type-product","3":"status-publish","4":"has-post-thumbnail","6":"product_cat-formazione-corsi-a-catalogo-regionale","7":"product_cat-aula","8":"product_cat-blended","9":"product_tag-corsi-a-catalogo-regionale","10":"product_tag-corso-80-ore","12":"first","13":"instock","14":"taxable","15":"shipping-taxable","16":"product-type-simple"},"yoast_head":"<!-- This site is optimized with the Yoast SEO plugin v25.4 - https:\/\/yoast.com\/wordpress\/plugins\/seo\/ -->\n<title>Agente e rappresentante di commercio - RAC - Ampi Point Servizi emmegi<\/title>\n<meta name=\"robots\" content=\"index, follow, max-snippet:-1, max-image-preview:large, max-video-preview:-1\" \/>\n<link rel=\"canonical\" href=\"https:\/\/www.ampipointservizimg.it\/?product=rac\" \/>\n<meta property=\"og:locale\" content=\"it_IT\" \/>\n<meta property=\"og:type\" content=\"article\" \/>\n<meta property=\"og:title\" content=\"Agente e rappresentante di commercio - RAC - Ampi Point Servizi emmegi\" \/>\n<meta property=\"og:description\" content=\"RAC - Agente e rappresentante di commercio (L.204\/85 ART.5 E S.M.I.)\" \/>\n<meta property=\"og:url\" content=\"https:\/\/www.ampipointservizimg.it\/?product=rac\" \/>\n<meta property=\"og:site_name\" content=\"Ampi Point Servizi emmegi\" \/>\n<meta property=\"article:modified_time\" content=\"2025-07-08T21:16:05+00:00\" \/>\n<meta property=\"og:image\" content=\"https:\/\/www.ampipointservizimg.it\/wp-content\/uploads\/2022\/03\/alimenti-e-bevande.jpg\" \/>\n\t<meta property=\"og:image:width\" content=\"300\" \/>\n\t<meta property=\"og:image:height\" content=\"300\" \/>\n\t<meta property=\"og:image:type\" content=\"image\/jpeg\" \/>\n<meta name=\"twitter:card\" content=\"summary_large_image\" \/>\n<meta name=\"twitter:label1\" content=\"Tempo di lettura stimato\" \/>\n\t<meta name=\"twitter:data1\" content=\"3 minuti\" \/>\n<script type=\"application\/ld+json\" class=\"yoast-schema-graph\">{\"@context\":\"https:\/\/schema.org\",\"@graph\":[{\"@type\":\"WebPage\",\"@id\":\"https:\/\/www.ampipointservizimg.it\/?product=rac\",\"url\":\"https:\/\/www.ampipointservizimg.it\/?product=rac\",\"name\":\"Agente e rappresentante di commercio - RAC - Ampi Point Servizi emmegi\",\"isPartOf\":{\"@id\":\"https:\/\/www.ampipointservizimg.it\/#website\"},\"primaryImageOfPage\":{\"@id\":\"https:\/\/www.ampipointservizimg.it\/?product=rac#primaryimage\"},\"image\":{\"@id\":\"https:\/\/www.ampipointservizimg.it\/?product=rac#primaryimage\"},\"thumbnailUrl\":\"https:\/\/www.ampipointservizimg.it\/wp-content\/uploads\/2022\/03\/alimenti-e-bevande.jpg\",\"datePublished\":\"2022-03-03T16:44:30+00:00\",\"dateModified\":\"2025-07-08T21:16:05+00:00\",\"breadcrumb\":{\"@id\":\"https:\/\/www.ampipointservizimg.it\/?product=rac#breadcrumb\"},\"inLanguage\":\"it-IT\",\"potentialAction\":[{\"@type\":\"ReadAction\",\"target\":[\"https:\/\/www.ampipointservizimg.it\/?product=rac\"]}]},{\"@type\":\"ImageObject\",\"inLanguage\":\"it-IT\",\"@id\":\"https:\/\/www.ampipointservizimg.it\/?product=rac#primaryimage\",\"url\":\"https:\/\/www.ampipointservizimg.it\/wp-content\/uploads\/2022\/03\/alimenti-e-bevande.jpg\",\"contentUrl\":\"https:\/\/www.ampipointservizimg.it\/wp-content\/uploads\/2022\/03\/alimenti-e-bevande.jpg\",\"width\":300,\"height\":300},{\"@type\":\"BreadcrumbList\",\"@id\":\"https:\/\/www.ampipointservizimg.it\/?product=rac#breadcrumb\",\"itemListElement\":[{\"@type\":\"ListItem\",\"position\":1,\"name\":\"Home\",\"item\":\"https:\/\/www.ampipointservizimg.it\/\"},{\"@type\":\"ListItem\",\"position\":2,\"name\":\"Shop\",\"item\":\"https:\/\/www.ampipointservizimg.it\/?page_id=91\"},{\"@type\":\"ListItem\",\"position\":3,\"name\":\"Agente e rappresentante di commercio &#8211; RAC\"}]},{\"@type\":\"WebSite\",\"@id\":\"https:\/\/www.ampipointservizimg.it\/#website\",\"url\":\"https:\/\/www.ampipointservizimg.it\/\",\"name\":\"Ampi Point Servizi emmegi\",\"description\":\"\",\"publisher\":{\"@id\":\"https:\/\/www.ampipointservizimg.it\/#organization\"},\"potentialAction\":[{\"@type\":\"SearchAction\",\"target\":{\"@type\":\"EntryPoint\",\"urlTemplate\":\"https:\/\/www.ampipointservizimg.it\/?s={search_term_string}\"},\"query-input\":{\"@type\":\"PropertyValueSpecification\",\"valueRequired\":true,\"valueName\":\"search_term_string\"}}],\"inLanguage\":\"it-IT\"},{\"@type\":\"Organization\",\"@id\":\"https:\/\/www.ampipointservizimg.it\/#organization\",\"name\":\"Sviluppo Qualit\u00e0\",\"alternateName\":\"Sviluppo Qualit\u00e0\",\"url\":\"https:\/\/www.ampipointservizimg.it\/\",\"logo\":{\"@type\":\"ImageObject\",\"inLanguage\":\"it-IT\",\"@id\":\"https:\/\/www.ampipointservizimg.it\/#\/schema\/logo\/image\/\",\"url\":\"https:\/\/www.ampipointservizimg.it\/wp-content\/uploads\/2025\/06\/cropped-logo_con_ampi-1.png\",\"contentUrl\":\"https:\/\/www.ampipointservizimg.it\/wp-content\/uploads\/2025\/06\/cropped-logo_con_ampi-1.png\",\"width\":2269,\"height\":544,\"caption\":\"Sviluppo Qualit\u00e0\"},\"image\":{\"@id\":\"https:\/\/www.ampipointservizimg.it\/#\/schema\/logo\/image\/\"}}]}<\/script>\n<!-- \/ Yoast SEO plugin. -->","yoast_head_json":{"title":"Agente e rappresentante di commercio - RAC - Ampi Point Servizi emmegi","robots":{"index":"index","follow":"follow","max-snippet":"max-snippet:-1","max-image-preview":"max-image-preview:large","max-video-preview":"max-video-preview:-1"},"canonical":"https:\/\/www.ampipointservizimg.it\/?product=rac","og_locale":"it_IT","og_type":"article","og_title":"Agente e rappresentante di commercio - RAC - Ampi Point Servizi emmegi","og_description":"RAC - Agente e rappresentante di commercio (L.204\/85 ART.5 E S.M.I.)","og_url":"https:\/\/www.ampipointservizimg.it\/?product=rac","og_site_name":"Ampi Point Servizi emmegi","article_modified_time":"2025-07-08T21:16:05+00:00","og_image":[{"width":300,"height":300,"url":"https:\/\/www.ampipointservizimg.it\/wp-content\/uploads\/2022\/03\/alimenti-e-bevande.jpg","type":"image\/jpeg"}],"twitter_card":"summary_large_image","twitter_misc":{"Tempo di lettura stimato":"3 minuti"},"schema":{"@context":"https:\/\/schema.org","@graph":[{"@type":"WebPage","@id":"https:\/\/www.ampipointservizimg.it\/?product=rac","url":"https:\/\/www.ampipointservizimg.it\/?product=rac","name":"Agente e rappresentante di commercio - RAC - Ampi Point Servizi emmegi","isPartOf":{"@id":"https:\/\/www.ampipointservizimg.it\/#website"},"primaryImageOfPage":{"@id":"https:\/\/www.ampipointservizimg.it\/?product=rac#primaryimage"},"image":{"@id":"https:\/\/www.ampipointservizimg.it\/?product=rac#primaryimage"},"thumbnailUrl":"https:\/\/www.ampipointservizimg.it\/wp-content\/uploads\/2022\/03\/alimenti-e-bevande.jpg","datePublished":"2022-03-03T16:44:30+00:00","dateModified":"2025-07-08T21:16:05+00:00","breadcrumb":{"@id":"https:\/\/www.ampipointservizimg.it\/?product=rac#breadcrumb"},"inLanguage":"it-IT","potentialAction":[{"@type":"ReadAction","target":["https:\/\/www.ampipointservizimg.it\/?product=rac"]}]},{"@type":"ImageObject","inLanguage":"it-IT","@id":"https:\/\/www.ampipointservizimg.it\/?product=rac#primaryimage","url":"https:\/\/www.ampipointservizimg.it\/wp-content\/uploads\/2022\/03\/alimenti-e-bevande.jpg","contentUrl":"https:\/\/www.ampipointservizimg.it\/wp-content\/uploads\/2022\/03\/alimenti-e-bevande.jpg","width":300,"height":300},{"@type":"BreadcrumbList","@id":"https:\/\/www.ampipointservizimg.it\/?product=rac#breadcrumb","itemListElement":[{"@type":"ListItem","position":1,"name":"Home","item":"https:\/\/www.ampipointservizimg.it\/"},{"@type":"ListItem","position":2,"name":"Shop","item":"https:\/\/www.ampipointservizimg.it\/?page_id=91"},{"@type":"ListItem","position":3,"name":"Agente e rappresentante di commercio &#8211; RAC"}]},{"@type":"WebSite","@id":"https:\/\/www.ampipointservizimg.it\/#website","url":"https:\/\/www.ampipointservizimg.it\/","name":"Ampi Point Servizi emmegi","description":"","publisher":{"@id":"https:\/\/www.ampipointservizimg.it\/#organization"},"potentialAction":[{"@type":"SearchAction","target":{"@type":"EntryPoint","urlTemplate":"https:\/\/www.ampipointservizimg.it\/?s={search_term_string}"},"query-input":{"@type":"PropertyValueSpecification","valueRequired":true,"valueName":"search_term_string"}}],"inLanguage":"it-IT"},{"@type":"Organization","@id":"https:\/\/www.ampipointservizimg.it\/#organization","name":"Sviluppo Qualit\u00e0","alternateName":"Sviluppo Qualit\u00e0","url":"https:\/\/www.ampipointservizimg.it\/","logo":{"@type":"ImageObject","inLanguage":"it-IT","@id":"https:\/\/www.ampipointservizimg.it\/#\/schema\/logo\/image\/","url":"https:\/\/www.ampipointservizimg.it\/wp-content\/uploads\/2025\/06\/cropped-logo_con_ampi-1.png","contentUrl":"https:\/\/www.ampipointservizimg.it\/wp-content\/uploads\/2025\/06\/cropped-logo_con_ampi-1.png","width":2269,"height":544,"caption":"Sviluppo Qualit\u00e0"},"image":{"@id":"https:\/\/www.ampipointservizimg.it\/#\/schema\/logo\/image\/"}}]}},"_links":{"self":[{"href":"https:\/\/www.ampipointservizimg.it\/index.php?rest_route=\/wp\/v2\/product\/652","targetHints":{"allow":["GET"]}}],"collection":[{"href":"https:\/\/www.ampipointservizimg.it\/index.php?rest_route=\/wp\/v2\/product"}],"about":[{"href":"https:\/\/www.ampipointservizimg.it\/index.php?rest_route=\/wp\/v2\/types\/product"}],"wp:featuredmedia":[{"embeddable":true,"href":"https:\/\/www.ampipointservizimg.it\/index.php?rest_route=\/wp\/v2\/media\/651"}],"wp:attachment":[{"href":"https:\/\/www.ampipointservizimg.it\/index.php?rest_route=%2Fwp%2Fv2%2Fmedia&parent=652"}],"wp:term":[{"taxonomy":"product_brand","embeddable":true,"href":"https:\/\/www.ampipointservizimg.it\/index.php?rest_route=%2Fwp%2Fv2%2Fproduct_brand&post=652"},{"taxonomy":"product_cat","embeddable":true,"href":"https:\/\/www.ampipointservizimg.it\/index.php?rest_route=%2Fwp%2Fv2%2Fproduct_cat&post=652"},{"taxonomy":"product_tag","embeddable":true,"href":"https:\/\/www.ampipointservizimg.it\/index.php?rest_route=%2Fwp%2Fv2%2Fproduct_tag&post=652"}],"curies":[{"name":"wp","href":"https:\/\/api.w.org\/{rel}","templated":true}]}}