{"id":659,"date":"2022-03-03T17:45:09","date_gmt":"2022-03-03T16:45:09","guid":{"rendered":"https:\/\/new.sviluppoqualita.it\/prodotto\/rls-2\/"},"modified":"2025-07-08T23:16:05","modified_gmt":"2025-07-08T21:16:05","slug":"rls-2","status":"publish","type":"product","link":"https:\/\/www.ampipointservizimg.it\/?product=rls-2","title":{"rendered":"RLS"},"content":{"rendered":"<div id=\"div-scarica-scheda-tecnica\" style=\"text-align: center; padding: 7px; color: white; padding-top: 10px;\"><!-- blu 094775 rosso d1222b --> <a style=\"padding: 10px; border: 1px solid #dddddd; background-color: #d1222b; color: white;\" href=\"https:\/\/www.networkgtc.it\/wp-content\/uploads\/2020\/04\/RLS-32-ore.pdf\" target=\"_blank\" rel=\"noopener noreferrer\"> <i class=\"fa fa-file-pdf-o\" style=\"padding-left: 5px; ;color: white;\"><\/i> \u00a0 <span style=\"border-left: 1px solid white;\"> \u00a0 Visualizza Scheda Tecnica in PDF<\/span><\/a><\/div>\n<table class=\"tabella-scheda-tecnica-networkgtc\" style=\"width: 84.9465%;\">\n<tbody>\n<tr>\n<td style=\"width: 20.6304%; border-width: 1pt; border-style: solid;\">\n<p class=\"s1\" style=\"padding-top: 6pt; padding-left: 14pt; padding-right: 17pt; text-indent: 0pt; text-align: center;\">Titolo<\/p>\n<\/td>\n<td style=\"width: 120.284%; border-width: 1pt; border-style: solid;\">\n<p class=\"s2\" style=\"padding-top: 5pt; padding-left: 5pt; text-indent: 0pt; text-align: left;\">Corso di formazione per Rappresentante dei lavoratori per la sicurezza<\/p>\n<\/td>\n<\/tr>\n<tr>\n<td style=\"width: 20.6304%; border-width: 1pt; border-style: solid;\">\n<p class=\"s1\" style=\"padding-left: 14pt; padding-right: 17pt; text-indent: 0pt; text-align: center;\">Destinatari<\/p>\n<\/td>\n<td style=\"width: 120.284%; border-width: 1pt; border-style: solid;\">\n<p class=\"s3\" style=\"padding-top: 6pt; padding-left: 5pt; padding-right: 9pt; text-indent: 0pt; line-height: 114%; text-align: justify;\">Coloro che ricoprono l\u2019incarico di <a href=\"https:\/\/shop.networkgtc.it\/product-category\/formazione\/sicurezza\/formazione-corsi-sicurezza-d-lgs-8108-lavoratori\/\">RLS<\/a> secondo l\u2019art. 47, comma 2 del D.lgs.n. 81\/2008 che stabilisce che in tutte le aziende, o unit\u00e0 produttive, \u00e8 eletto o designato il rappresentante dei lavoratori per la sicurezza (RLS).<\/p>\n<p class=\"s3\" style=\"padding-left: 5pt; padding-right: 7pt; text-indent: 0pt; line-height: 112%; text-align: left;\">A seconda del numero di dipendenti presenti in azienda il D.lgs. 81\/2008 prevede diverse modalit\u00e0 di nomina\/elezione del RLS.<\/p>\n<p class=\"s3\" style=\"padding-left: 5pt; padding-right: 8pt; text-indent: 0pt; line-height: 114%; text-align: justify;\">Per Aziende o unit\u00e0 produttive che occupano fino a 15 lavoratori, secondo quanto previsto dall\u2019art. 47, comma 3 del D.lgs. 81\/2008, il RLS \u00e8 di norma eletto direttamente dai lavoratori al loro interno, in altro modo individuato per pi\u00f9 aziende nell\u2019ambito territoriale o del comparto produttivo di cui agli artt. 48 e 49 del Decreto in questione.<\/p>\n<p class=\"s3\" style=\"padding-left: 5pt; padding-right: 7pt; text-indent: 0pt; text-align: left;\">Nelle Aziende o unit\u00e0 produttive con pi\u00f9 di 15 lavoratori e, secondo quanto stabilito dall\u2019art. 47, comma 4 del D.lgs. 81\/2008, il RLS \u00e8 eletto o designato dai lavoratori nell\u2019ambito delle Rappresentanze Sindacali in azienda (RSU o RSA) ed in assenza di tali rappresentanze, il RLS \u00e8 eletto dai lavoratori della azienda al loro interno.<\/p>\n<\/td>\n<\/tr>\n<tr>\n<td style=\"width: 20.6304%; border-width: 1pt; border-style: solid;\">\n<p class=\"s1\" style=\"padding-left: 21pt; padding-right: 24pt; text-indent: 0pt; text-align: center;\">Obiettivi e Finalit\u00e0<\/p>\n<\/td>\n<td style=\"width: 120.284%; border-width: 1pt; border-style: solid;\">\n<p class=\"s3\" style=\"padding-top: 5pt; padding-left: 5pt; padding-right: 4pt; text-indent: 0pt; text-align: justify;\">Il RLS ha diritto ad una Formazione particolare in materia di salute e sicurezza cos\u00ec come precisato dall\u2019art. 37, comma 10 del D.lgs. 81\/2008. Tale formazione deve permettere al RLS di poter raggiungere adeguate conoscenze circa i rischi lavorativi esistenti negli ambiti in cui esercita la propria rappresentanza, adeguate competenze sulle principali tecniche di controllo e prevenzione dei rischi stessi, nonch\u00e9 principi giuridici comunitari e nazionali, legislazione generale e speciale in materia di salute e sicurezza sul lavoro, principali soggetti coinvolti e relativi obblighi e aspetti normativi della rappresentanza dei lavoratori e tecnica della comunicazione.<\/p>\n<\/td>\n<\/tr>\n<tr>\n<td style=\"width: 20.6304%; border-width: 1pt; border-style: solid; text-align: center;\">Normativa di riferimento<\/td>\n<td style=\"width: 120.284%; border-width: 1pt; border-style: solid;\">\n<ul>\n<li>D. Lgs. 81\/08 e s. m. e i.;<\/li>\n<li>Accordo Stato \u2013 Regioni n.221 del 21 dicembre 2011;<\/li>\n<li>Accordo Stato \u2013 Regioni n.153 del 25 luglio 2012;<\/li>\n<li>Accordo Stato \u2013 Regioni n.128 del 07 luglio 2016.<\/li>\n<\/ul>\n<\/td>\n<\/tr>\n<tr>\n<td style=\"width: 20.6304%; border-width: 1pt; border-style: solid; text-align: center;\">Requisiti di ammissione<\/td>\n<td style=\"width: 120.284%; border-width: 1pt; border-style: solid;\">\n<p class=\"s3\" style=\"padding-left: 7pt; text-indent: 0pt; line-height: 13pt; text-align: left;\">Nessun requisito.<\/p>\n<\/td>\n<\/tr>\n<tr>\n<td style=\"width: 20.6304%; border-width: 1pt; border-style: solid;\">\n<p class=\"s1\" style=\"padding-top: 2pt; padding-left: 21pt; padding-right: 23pt; text-indent: 0pt; text-align: left;\">Durata e modalit\u00e0<\/p>\n<\/td>\n<td style=\"width: 120.284%; border-width: 1pt; border-style: solid;\">\n<p class=\"s3\" style=\"padding-top: 1pt; padding-left: 7pt; text-indent: 0pt; text-align: left;\">Il corso ha una durata di 32 ore e pu\u00f2 essere svolto esclusivamente in aula.*<\/p>\n<p>*(vedi scheda)<\/td>\n<\/tr>\n<tr>\n<td style=\"width: 20.6304%; border-width: 1pt; border-style: solid;\">\n<p style=\"text-indent: 0pt; text-align: left;\">\n<\/td>\n<td style=\"width: 120.284%; border-width: 1pt; border-style: solid;\">\n<p class=\"s4\" style=\"padding-top: 6pt; padding-left: 140pt; padding-right: 140pt; text-indent: 0pt; text-align: center;\">DISCIPLINE E CONTENUTI<\/p>\n<\/td>\n<\/tr>\n<tr>\n<td style=\"width: 20.6304%; border-width: 1pt; border-style: solid;\">\n<p style=\"text-indent: 0pt; text-align: left;\">\n<\/td>\n<td style=\"width: 120.284%; border-width: 1pt; border-style: solid;\">\n<p class=\"s5\" style=\"padding-left: 5pt; text-indent: 0pt; line-height: 13pt; text-align: left;\">Modulo 1 &#8211; Principi costituzionali e civilistici<\/p>\n<ul>\n<li>Le fonti del diritto;<\/li>\n<li>Principi giuridici comunitari e nazionali;<\/li>\n<li>Cenni di storia della sicurezza.<\/li>\n<\/ul>\n<p>Modulo 2 &#8211; La legislazione generale e speciale in materia di prevenzione infortuni e igiene del lavoro<\/p>\n<ul>\n<li>Aspetti generali del D.lgs. 81\/08;<\/li>\n<li>Ex decreto legislativo 231\/01;<\/li>\n<li>Dalle direttive europee ai decreti di recepimento;<\/li>\n<li>Norme tecniche e buona prassi;<\/li>\n<li>Il sistema pubblico della prevenzione.<\/li>\n<\/ul>\n<p>Modulo 3 &#8211; I principali soggetti coinvolti ed i relativi obblighi<\/p>\n<ul>\n<li>I soggetti coinvolti nella prevenzione;<\/li>\n<li>Datore di lavoro, dirigente, preposto;<\/li>\n<li>RSPP;<\/li>\n<li>Medico competente;<\/li>\n<li>Incaricati alle emergenze;<\/li>\n<li>Compiti e responsabilit\u00e0.<\/li>\n<\/ul>\n<p>Modulo 4 &#8211; La definizione e l\u2019individuazione dei fattori di rischio<\/p>\n<ul>\n<li>Definizione del concetto di rischio e pericolo;<\/li>\n<li>Individuazione dei fattori di rischio;<\/li>\n<li>La valutazione del rischio;<\/li>\n<li>Le misure di miglioramento;<\/li>\n<li>Rischi specifici: ambiente di lavoro, elettrico, meccanico, movimentazione manuale, carrelli, cadute dall&#8217;alto;<\/li>\n<li>Gestione delle emergenze.<\/li>\n<\/ul>\n<p>Modulo 5 &#8211; La valutazione dei rischi<\/p>\n<ul>\n<li>Documento di valutazione dei rischi;<\/li>\n<li>Malattie professionali;<\/li>\n<li>Classificazione dei fattori di rischio;<\/li>\n<li>Agenti cancerogeni e mutageni;<\/li>\n<li>Rischio chimico, fisico, biologico;<\/li>\n<li>Rischi specifici e misure di sicurezza.<\/li>\n<\/ul>\n<p>Modulo 6 &#8211; La valutazione dei rischi specifici<\/p>\n<ul>\n<li>Rischio rumore e vibrazioni;<\/li>\n<li>Videoterminali e movimentazione;<\/li>\n<li>Radiazioni ottiche e campi elettromagnetici;<\/li>\n<li>Microclima.<\/li>\n<\/ul>\n<p>Modulo 7 &#8211; Aspetti normativi dell\u2019attivit\u00e0 di rappresentanza dei lavoratori<\/p>\n<ul>\n<li>Il rappresentante dei lavoratori e la sicurezza;<\/li>\n<li>Il RLS ed il sindacato;<\/li>\n<li>Compiti e funzione del RLS;<\/li>\n<li>Le specificit\u00e0 dell\u2019ente in relazione al processo delle relazioni interne.<\/li>\n<\/ul>\n<p>Modulo 8 &#8211; Nozioni e tecnica della comunicazione<\/p>\n<ul>\n<li>La comunicazione interpersonale;<\/li>\n<li>La riunione periodica;<\/li>\n<li>Il coinvolgimento del RLS;<\/li>\n<li>La consultazione dei lavoratori.<\/li>\n<\/ul>\n<\/td>\n<\/tr>\n<tr>\n<td style=\"width: 20.6304%; border-width: 1pt; border-style: solid;\">\n<p class=\"s1\" style=\"padding-left: 18pt; padding-right: 21pt; text-indent: 0pt; text-align: center;\">Valutazione<\/p>\n<\/td>\n<td style=\"width: 120.284%; border-width: 1pt; border-style: solid;\">\n<p class=\"s3\" style=\"padding-top: 6pt; padding-left: 5pt; padding-right: 5pt; text-indent: 0pt; text-align: left;\">La valutazione verr\u00e0 effettuata mediante una verifica di apprendimento in aula (esame finale) sulla base di test a risposta multipla.<\/p>\n<\/td>\n<\/tr>\n<tr>\n<td style=\"width: 20.6304%; border-width: 1pt; border-style: solid; text-align: center;\">Attestato Formativo Rilasciato<\/td>\n<td style=\"width: 120.284%; border-width: 1pt; border-style: solid;\">\n<p class=\"s3\" style=\"padding-top: 8pt; padding-left: 5pt; text-indent: 0pt; text-align: left;\">Attestato di frequenza di \u201cRappresentante dei lavoratori per la sicurezza\u201d.<\/p>\n<\/td>\n<\/tr>\n<tr>\n<td style=\"width: 20.6304%; border-width: 1pt; border-style: solid;\">\n<p class=\"s1\" style=\"padding-left: 18pt; padding-right: 21pt; text-indent: 0pt; text-align: center;\">Docenza<\/p>\n<\/td>\n<td style=\"width: 120.284%; border-width: 1pt; border-style: solid;\">\n<p class=\"s3\" style=\"padding-top: 3pt; padding-left: 5pt; padding-right: 4pt; text-indent: 0pt; text-align: justify;\">Docenti in possesso dei requisiti previsti dal decreto interministeriale 6 marzo 2013, emanato in attuazione dell&#8217;articolo 6, comma 8, lettera m bis), del d.lgs. n. 81\/2008, entrato in vigore il 18 marzo 2014.<\/p>\n<\/td>\n<\/tr>\n<tr>\n<td style=\"width: 20.6304%; border-width: 1pt; border-style: solid;\">\n<p class=\"s1\" style=\"padding-left: 18pt; padding-right: 21pt; text-indent: 0pt; text-align: center;\">Sede<\/p>\n<\/td>\n<td style=\"width: 120.284%; border-width: 1pt; border-style: solid;\">\n<p class=\"s3\" style=\"padding-top: 4pt; padding-left: 5pt; padding-right: 4pt; text-indent: 0pt; text-align: justify;\">Il corso sar\u00e0 erogato, secondo un calendario prestabilito, in una delle sedi pi\u00f9 vicine dislocate sul territorio nazionale. \u00c8 possibile ammettere un numero massimo di partecipanti ad ogni corso pari a 35 unit\u00e0.<\/p>\n<\/td>\n<\/tr>\n<\/tbody>\n<\/table>\n","protected":false},"excerpt":{"rendered":"<p>\u00a0 \u00a0 Visualizza Scheda Tecnica in PDF Titolo Corso di formazione per Rappresentante dei lavoratori per la sicurezza Destinatari Coloro che ricoprono l\u2019incarico di RLS secondo l\u2019art. 47, comma 2 del D.lgs.n. 81\/2008 che stabilisce che in tutte le aziende, o unit\u00e0 produttive, \u00e8 eletto o designato il rappresentante dei lavoratori per la sicurezza (RLS). A seconda del numero di [&hellip;]<\/p>\n","protected":false},"featured_media":658,"template":"","meta":[],"product_brand":[],"product_cat":[28,915],"product_tag":[31,471],"class_list":{"0":"post-659","1":"product","2":"type-product","3":"status-publish","4":"has-post-thumbnail","6":"product_cat-corsi-sicurezza-d-lgs-81-08","7":"product_cat-aula","8":"product_tag-corsi-sicurezza-d-lgs-81-08-lavoratori","9":"product_tag-corso-32-ore","11":"first","12":"instock","13":"taxable","14":"shipping-taxable","15":"product-type-simple"},"yoast_head":"<!-- This site is optimized with the Yoast SEO plugin v25.4 - https:\/\/yoast.com\/wordpress\/plugins\/seo\/ -->\n<title>RLS - Ampi Point Servizi emmegi<\/title>\n<meta name=\"robots\" content=\"index, follow, max-snippet:-1, max-image-preview:large, max-video-preview:-1\" \/>\n<link rel=\"canonical\" href=\"https:\/\/www.ampipointservizimg.it\/?product=rls-2\" \/>\n<meta property=\"og:locale\" content=\"it_IT\" \/>\n<meta property=\"og:type\" content=\"article\" \/>\n<meta property=\"og:title\" content=\"RLS - Ampi Point Servizi emmegi\" \/>\n<meta property=\"og:description\" content=\"\u00a0 \u00a0 Visualizza Scheda Tecnica in PDF Titolo Corso di formazione per Rappresentante dei lavoratori per la sicurezza Destinatari Coloro che ricoprono l\u2019incarico di RLS secondo l\u2019art. 47, comma 2 del D.lgs.n. 81\/2008 che stabilisce che in tutte le aziende, o unit\u00e0 produttive, \u00e8 eletto o designato il rappresentante dei lavoratori per la sicurezza (RLS). A seconda del numero di [&hellip;]\" \/>\n<meta property=\"og:url\" content=\"https:\/\/www.ampipointservizimg.it\/?product=rls-2\" \/>\n<meta property=\"og:site_name\" content=\"Ampi Point Servizi emmegi\" \/>\n<meta property=\"article:modified_time\" content=\"2025-07-08T21:16:05+00:00\" \/>\n<meta property=\"og:image\" content=\"https:\/\/www.ampipointservizimg.it\/wp-content\/uploads\/2022\/03\/RLS.jpg\" \/>\n\t<meta property=\"og:image:width\" content=\"300\" \/>\n\t<meta property=\"og:image:height\" content=\"300\" \/>\n\t<meta property=\"og:image:type\" content=\"image\/jpeg\" \/>\n<meta name=\"twitter:card\" content=\"summary_large_image\" \/>\n<meta name=\"twitter:label1\" content=\"Tempo di lettura stimato\" \/>\n\t<meta name=\"twitter:data1\" content=\"4 minuti\" \/>\n<script type=\"application\/ld+json\" class=\"yoast-schema-graph\">{\"@context\":\"https:\/\/schema.org\",\"@graph\":[{\"@type\":\"WebPage\",\"@id\":\"https:\/\/www.ampipointservizimg.it\/?product=rls-2\",\"url\":\"https:\/\/www.ampipointservizimg.it\/?product=rls-2\",\"name\":\"RLS - Ampi Point Servizi emmegi\",\"isPartOf\":{\"@id\":\"https:\/\/www.ampipointservizimg.it\/#website\"},\"primaryImageOfPage\":{\"@id\":\"https:\/\/www.ampipointservizimg.it\/?product=rls-2#primaryimage\"},\"image\":{\"@id\":\"https:\/\/www.ampipointservizimg.it\/?product=rls-2#primaryimage\"},\"thumbnailUrl\":\"https:\/\/www.ampipointservizimg.it\/wp-content\/uploads\/2022\/03\/RLS.jpg\",\"datePublished\":\"2022-03-03T16:45:09+00:00\",\"dateModified\":\"2025-07-08T21:16:05+00:00\",\"breadcrumb\":{\"@id\":\"https:\/\/www.ampipointservizimg.it\/?product=rls-2#breadcrumb\"},\"inLanguage\":\"it-IT\",\"potentialAction\":[{\"@type\":\"ReadAction\",\"target\":[\"https:\/\/www.ampipointservizimg.it\/?product=rls-2\"]}]},{\"@type\":\"ImageObject\",\"inLanguage\":\"it-IT\",\"@id\":\"https:\/\/www.ampipointservizimg.it\/?product=rls-2#primaryimage\",\"url\":\"https:\/\/www.ampipointservizimg.it\/wp-content\/uploads\/2022\/03\/RLS.jpg\",\"contentUrl\":\"https:\/\/www.ampipointservizimg.it\/wp-content\/uploads\/2022\/03\/RLS.jpg\",\"width\":300,\"height\":300},{\"@type\":\"BreadcrumbList\",\"@id\":\"https:\/\/www.ampipointservizimg.it\/?product=rls-2#breadcrumb\",\"itemListElement\":[{\"@type\":\"ListItem\",\"position\":1,\"name\":\"Home\",\"item\":\"https:\/\/www.ampipointservizimg.it\/\"},{\"@type\":\"ListItem\",\"position\":2,\"name\":\"Shop\",\"item\":\"https:\/\/www.ampipointservizimg.it\/?page_id=91\"},{\"@type\":\"ListItem\",\"position\":3,\"name\":\"RLS\"}]},{\"@type\":\"WebSite\",\"@id\":\"https:\/\/www.ampipointservizimg.it\/#website\",\"url\":\"https:\/\/www.ampipointservizimg.it\/\",\"name\":\"Ampi Point Servizi emmegi\",\"description\":\"\",\"publisher\":{\"@id\":\"https:\/\/www.ampipointservizimg.it\/#organization\"},\"potentialAction\":[{\"@type\":\"SearchAction\",\"target\":{\"@type\":\"EntryPoint\",\"urlTemplate\":\"https:\/\/www.ampipointservizimg.it\/?s={search_term_string}\"},\"query-input\":{\"@type\":\"PropertyValueSpecification\",\"valueRequired\":true,\"valueName\":\"search_term_string\"}}],\"inLanguage\":\"it-IT\"},{\"@type\":\"Organization\",\"@id\":\"https:\/\/www.ampipointservizimg.it\/#organization\",\"name\":\"Sviluppo Qualit\u00e0\",\"alternateName\":\"Sviluppo Qualit\u00e0\",\"url\":\"https:\/\/www.ampipointservizimg.it\/\",\"logo\":{\"@type\":\"ImageObject\",\"inLanguage\":\"it-IT\",\"@id\":\"https:\/\/www.ampipointservizimg.it\/#\/schema\/logo\/image\/\",\"url\":\"https:\/\/www.ampipointservizimg.it\/wp-content\/uploads\/2025\/06\/cropped-logo_con_ampi-1.png\",\"contentUrl\":\"https:\/\/www.ampipointservizimg.it\/wp-content\/uploads\/2025\/06\/cropped-logo_con_ampi-1.png\",\"width\":2269,\"height\":544,\"caption\":\"Sviluppo Qualit\u00e0\"},\"image\":{\"@id\":\"https:\/\/www.ampipointservizimg.it\/#\/schema\/logo\/image\/\"}}]}<\/script>\n<!-- \/ Yoast SEO plugin. -->","yoast_head_json":{"title":"RLS - Ampi Point Servizi emmegi","robots":{"index":"index","follow":"follow","max-snippet":"max-snippet:-1","max-image-preview":"max-image-preview:large","max-video-preview":"max-video-preview:-1"},"canonical":"https:\/\/www.ampipointservizimg.it\/?product=rls-2","og_locale":"it_IT","og_type":"article","og_title":"RLS - Ampi Point Servizi emmegi","og_description":"\u00a0 \u00a0 Visualizza Scheda Tecnica in PDF Titolo Corso di formazione per Rappresentante dei lavoratori per la sicurezza Destinatari Coloro che ricoprono l\u2019incarico di RLS secondo l\u2019art. 47, comma 2 del D.lgs.n. 81\/2008 che stabilisce che in tutte le aziende, o unit\u00e0 produttive, \u00e8 eletto o designato il rappresentante dei lavoratori per la sicurezza (RLS). A seconda del numero di [&hellip;]","og_url":"https:\/\/www.ampipointservizimg.it\/?product=rls-2","og_site_name":"Ampi Point Servizi emmegi","article_modified_time":"2025-07-08T21:16:05+00:00","og_image":[{"width":300,"height":300,"url":"https:\/\/www.ampipointservizimg.it\/wp-content\/uploads\/2022\/03\/RLS.jpg","type":"image\/jpeg"}],"twitter_card":"summary_large_image","twitter_misc":{"Tempo di lettura stimato":"4 minuti"},"schema":{"@context":"https:\/\/schema.org","@graph":[{"@type":"WebPage","@id":"https:\/\/www.ampipointservizimg.it\/?product=rls-2","url":"https:\/\/www.ampipointservizimg.it\/?product=rls-2","name":"RLS - Ampi Point Servizi emmegi","isPartOf":{"@id":"https:\/\/www.ampipointservizimg.it\/#website"},"primaryImageOfPage":{"@id":"https:\/\/www.ampipointservizimg.it\/?product=rls-2#primaryimage"},"image":{"@id":"https:\/\/www.ampipointservizimg.it\/?product=rls-2#primaryimage"},"thumbnailUrl":"https:\/\/www.ampipointservizimg.it\/wp-content\/uploads\/2022\/03\/RLS.jpg","datePublished":"2022-03-03T16:45:09+00:00","dateModified":"2025-07-08T21:16:05+00:00","breadcrumb":{"@id":"https:\/\/www.ampipointservizimg.it\/?product=rls-2#breadcrumb"},"inLanguage":"it-IT","potentialAction":[{"@type":"ReadAction","target":["https:\/\/www.ampipointservizimg.it\/?product=rls-2"]}]},{"@type":"ImageObject","inLanguage":"it-IT","@id":"https:\/\/www.ampipointservizimg.it\/?product=rls-2#primaryimage","url":"https:\/\/www.ampipointservizimg.it\/wp-content\/uploads\/2022\/03\/RLS.jpg","contentUrl":"https:\/\/www.ampipointservizimg.it\/wp-content\/uploads\/2022\/03\/RLS.jpg","width":300,"height":300},{"@type":"BreadcrumbList","@id":"https:\/\/www.ampipointservizimg.it\/?product=rls-2#breadcrumb","itemListElement":[{"@type":"ListItem","position":1,"name":"Home","item":"https:\/\/www.ampipointservizimg.it\/"},{"@type":"ListItem","position":2,"name":"Shop","item":"https:\/\/www.ampipointservizimg.it\/?page_id=91"},{"@type":"ListItem","position":3,"name":"RLS"}]},{"@type":"WebSite","@id":"https:\/\/www.ampipointservizimg.it\/#website","url":"https:\/\/www.ampipointservizimg.it\/","name":"Ampi Point Servizi emmegi","description":"","publisher":{"@id":"https:\/\/www.ampipointservizimg.it\/#organization"},"potentialAction":[{"@type":"SearchAction","target":{"@type":"EntryPoint","urlTemplate":"https:\/\/www.ampipointservizimg.it\/?s={search_term_string}"},"query-input":{"@type":"PropertyValueSpecification","valueRequired":true,"valueName":"search_term_string"}}],"inLanguage":"it-IT"},{"@type":"Organization","@id":"https:\/\/www.ampipointservizimg.it\/#organization","name":"Sviluppo Qualit\u00e0","alternateName":"Sviluppo Qualit\u00e0","url":"https:\/\/www.ampipointservizimg.it\/","logo":{"@type":"ImageObject","inLanguage":"it-IT","@id":"https:\/\/www.ampipointservizimg.it\/#\/schema\/logo\/image\/","url":"https:\/\/www.ampipointservizimg.it\/wp-content\/uploads\/2025\/06\/cropped-logo_con_ampi-1.png","contentUrl":"https:\/\/www.ampipointservizimg.it\/wp-content\/uploads\/2025\/06\/cropped-logo_con_ampi-1.png","width":2269,"height":544,"caption":"Sviluppo Qualit\u00e0"},"image":{"@id":"https:\/\/www.ampipointservizimg.it\/#\/schema\/logo\/image\/"}}]}},"_links":{"self":[{"href":"https:\/\/www.ampipointservizimg.it\/index.php?rest_route=\/wp\/v2\/product\/659","targetHints":{"allow":["GET"]}}],"collection":[{"href":"https:\/\/www.ampipointservizimg.it\/index.php?rest_route=\/wp\/v2\/product"}],"about":[{"href":"https:\/\/www.ampipointservizimg.it\/index.php?rest_route=\/wp\/v2\/types\/product"}],"wp:featuredmedia":[{"embeddable":true,"href":"https:\/\/www.ampipointservizimg.it\/index.php?rest_route=\/wp\/v2\/media\/658"}],"wp:attachment":[{"href":"https:\/\/www.ampipointservizimg.it\/index.php?rest_route=%2Fwp%2Fv2%2Fmedia&parent=659"}],"wp:term":[{"taxonomy":"product_brand","embeddable":true,"href":"https:\/\/www.ampipointservizimg.it\/index.php?rest_route=%2Fwp%2Fv2%2Fproduct_brand&post=659"},{"taxonomy":"product_cat","embeddable":true,"href":"https:\/\/www.ampipointservizimg.it\/index.php?rest_route=%2Fwp%2Fv2%2Fproduct_cat&post=659"},{"taxonomy":"product_tag","embeddable":true,"href":"https:\/\/www.ampipointservizimg.it\/index.php?rest_route=%2Fwp%2Fv2%2Fproduct_tag&post=659"}],"curies":[{"name":"wp","href":"https:\/\/api.w.org\/{rel}","templated":true}]}}